{"id":991,"date":"2012-12-28T17:28:00","date_gmt":"2012-12-28T15:28:00","guid":{"rendered":"http:\/\/www.rauhalahtiroadrunners.com\/?page_id=991"},"modified":"2013-02-18T11:35:02","modified_gmt":"2013-02-18T09:35:02","slug":"hiihtokalenteri-2013","status":"publish","type":"page","link":"https:\/\/www.rauhalahtiroadrunners.com\/?page_id=991","title":{"rendered":"Hiihtokalenteri 2013"},"content":{"rendered":"<h6 align=\"left\"><span style=\"font-size: 14px;\"><strong>Hiihtotapahtumia talvella 2013<\/strong><\/span><\/h6>\n<p align=\"left\">P\u00e4ivitetty 18.2.2013<\/p>\n<p align=\"left\"><a title=\"Kuopion latutilanne\" href=\"http:\/\/www30.fastroi.fi\/LATUKUOPIO\/latu_01.html\" target=\"_blank\">Kuopion latujen kunnostustilanne<\/a><\/p>\n<p><strong>Helmikuu<br \/>\n<\/strong><br \/>\n20.-23.2.2013 <a href=\"http:\/\/www.pohjois-savonliikunta.fi\/finland-ice-marathon\/\" target=\"_blank\">Finland Ice Marathon<\/a>, Kuopio matkustajasatama<br \/>\nsu 24.2.2013 <a title=\"Puijon Laturetki\" href=\"http:\/\/www.pohjois-savonliikunta.fi\/puijon-laturetki\/\" target=\"_blank\">Puijon laturetki<\/a><br \/>\nla-su 23.-24.2.2013 <a title=\"Finlandia Hiihto\" href=\"http:\/\/www.finlandiahiihto.fi\/\" target=\"_blank\">Finlandia Hiihto<\/a><\/p>\n<p><strong>Maaliskuu<\/strong><\/p>\n<p>la 2.3.2013 <a title=\"Soisalon Hiihto\" href=\"http:\/\/vesileppis.fi\/index.php?Tapahtumat:Soisalon_Hiihto\" target=\"_blank\">Soisalon Hiihto Lepp\u00e4virran Konnuslahdessa<\/a> (vain perinteinen tyyli)<br \/>\nla-su 2.-3.3.2013 <a title=\"R\u00e4s\u00e4-Ukon laturetki 2.-3.3.2013\" href=\"http:\/\/www.rauhalahtiroadrunners.com\/?page_id=1018\" target=\"_blank\">R\u00e4s\u00e4-Ukon laturetki<\/a> Siilinj\u00e4rvelt\u00e4 Maaningalle, <a href=\"..\/..\/rasa_ukko_kartta.pdf\" target=\"_blank\">latukartta<\/a>, lis\u00e4tiedot Timo Hy\u00f6tyl\u00e4inen puh. 044 740 1360<br \/>\nla-su 2.-3.3.2013 <a title=\"Kolin Maisemahiihto\" href=\"http:\/\/www.maisemahiihto.fi\" target=\"_blank\">Kolin Maisemahiihto<\/a><br \/>\nsu 3.3.2013 <a title=\"Pirkan Hiihto\" href=\"http:\/\/www.pirkankierros.fi\/pirkan\/index.php?option=com_content&amp;view=category&amp;layout=blog&amp;id=3&amp;Itemid=7\" target=\"_blank\">Pirkan Hiihto <\/a>(Kankaanp\u00e4\u00e4st\u00e4 Tampereelle 90 km)<br \/>\npe-la 8.-9.3.2013 <a title=\"Ahmanhiihto\" href=\"http:\/\/www.ahmanhiihto.fi\" target=\"_blank\">Ahmanhiihto <\/a>Kolilla<br \/>\nsu 10.3.2013 <a title=\"Paulintaival\" href=\"http:\/\/www.paulintaival.fi\" target=\"_blank\">Paulintaival<\/a><br \/>\nla-su 16.-17.3.2013 <a title=\"Pogostan Hiihto\" href=\"http:\/\/www.pogostanhiihto.fi\/\" target=\"_blank\">Pogostan Hiihto Ilomantsissa<\/a><br \/>\nla 23.3.2013 <a href=\"http:\/\/www.haastaitsesikunnolla.fi\/vuokattihiihto\/\" target=\"_blank\">Vuokatti Hiihto<\/a><\/p>\n","protected":false},"excerpt":{"rendered":"<p>Hiihtotapahtumia talvella 2013 P\u00e4ivitetty 18.2.2013 Kuopion latujen kunnostustilanne Helmikuu 20.-23.2.2013 Finland Ice Marathon, Kuopio matkustajasatama su 24.2.2013 Puijon laturetki la-su 23.-24.2.2013 Finlandia Hiihto Maaliskuu la 2.3.2013 Soisalon Hiihto Lepp\u00e4virran Konnuslahdessa (vain perinteinen tyyli) la-su 2.-3.3.2013 R\u00e4s\u00e4-Ukon laturetki Siilinj\u00e4rvelt\u00e4 Maaningalle, latukartta, lis\u00e4tiedot Timo Hy\u00f6tyl\u00e4inen puh. 044 740 1360 la-su 2.-3.3.2013 Kolin Maisemahiihto su 3.3.2013 Pirkan Hiihto &#8230; <a title=\"Hiihtokalenteri 2013\" class=\"read-more\" href=\"https:\/\/www.rauhalahtiroadrunners.com\/?page_id=991\" aria-label=\"Lue lis\u00e4\u00e4 aiheesta Hiihtokalenteri 2013\">Lue lis\u00e4\u00e4<\/a><\/p>\n","protected":false},"author":3,"featured_media":0,"parent":0,"menu_order":0,"comment_status":"closed","ping_status":"open","template":"","meta":{"footnotes":""},"class_list":["post-991","page","type-page","status-publish"],"_links":{"self":[{"href":"https:\/\/www.rauhalahtiroadrunners.com\/index.php?rest_route=\/wp\/v2\/pages\/991","targetHints":{"allow":["GET"]}}],"collection":[{"href":"https:\/\/www.rauhalahtiroadrunners.com\/index.php?rest_route=\/wp\/v2\/pages"}],"about":[{"href":"https:\/\/www.rauhalahtiroadrunners.com\/index.php?rest_route=\/wp\/v2\/types\/page"}],"author":[{"embeddable":true,"href":"https:\/\/www.rauhalahtiroadrunners.com\/index.php?rest_route=\/wp\/v2\/users\/3"}],"replies":[{"embeddable":true,"href":"https:\/\/www.rauhalahtiroadrunners.com\/index.php?rest_route=%2Fwp%2Fv2%2Fcomments&post=991"}],"version-history":[{"count":0,"href":"https:\/\/www.rauhalahtiroadrunners.com\/index.php?rest_route=\/wp\/v2\/pages\/991\/revisions"}],"wp:attachment":[{"href":"https:\/\/www.rauhalahtiroadrunners.com\/index.php?rest_route=%2Fwp%2Fv2%2Fmedia&parent=991"}],"curies":[{"name":"wp","href":"https:\/\/api.w.org\/{rel}","templated":true}]}}