{"id":920,"date":"2012-09-11T10:41:39","date_gmt":"2012-09-11T07:41:39","guid":{"rendered":"http:\/\/www.rauhalahtiroadrunners.com\/?page_id=920"},"modified":"2012-09-11T15:47:41","modified_gmt":"2012-09-11T12:47:41","slug":"finlandia-marathon-2012","status":"publish","type":"page","link":"https:\/\/www.rauhalahtiroadrunners.com\/?page_id=920","title":{"rendered":"Finlandia Marathon 2012"},"content":{"rendered":"<p><a title=\"Finlandia Marathon\" href=\"http:\/\/www.finlandiamarathon.fi\/\" target=\"_blank\">Finlandia Marathon<\/a> juostiin Jyv\u00e4skyl\u00e4ss\u00e4 lauantaina 8.9.2012. Mukana oli j\u00e4lleen toistakymment\u00e4 j\u00e4sent\u00e4mme. T\u00e4ss\u00e4 poimintoja tulosluettelosta:<\/p>\n<p><strong>Maraton:<\/strong><\/p>\n<table border=\"0\">\n<tbody>\n<tr>\n<td>Jarmo V\u00e4\u00e4n\u00e4nen<\/td>\n<td>2:59:05<\/td>\n<\/tr>\n<tr>\n<td>Jukka Patrakka<\/td>\n<td>3:01:13<\/td>\n<\/tr>\n<tr>\n<td>Unto Juutinen<\/td>\n<td>3:23:30<\/td>\n<\/tr>\n<tr>\n<td>Eka Partanen<\/td>\n<td>3:28:12<\/td>\n<\/tr>\n<tr>\n<td>Kalle Kotitie<\/td>\n<td>3:55:24<\/td>\n<\/tr>\n<tr>\n<td>Petteri Holopainen<\/td>\n<td>4:18:46<\/td>\n<\/tr>\n<tr>\n<td>Helena Aronen<\/td>\n<td>4:22:48<\/td>\n<\/tr>\n<\/tbody>\n<\/table>\n<p><strong><br \/>\nPuolimaraton:<\/strong><\/p>\n<table border=\"0\">\n<tbody>\n<tr>\n<td>Katja Hyv\u00e4rinen<\/td>\n<td>1:27:37<\/td>\n<\/tr>\n<tr>\n<td>Juha Valta<\/td>\n<td>1:32:40<\/td>\n<\/tr>\n<tr>\n<td>Matti Laitinen<\/td>\n<td>1:35:06<\/td>\n<\/tr>\n<tr>\n<td>Tenho Isola<\/td>\n<td>1:43:07<\/td>\n<\/tr>\n<tr>\n<td>Johanna L\u00e4hteenvuo<\/td>\n<td>2:00:34<\/td>\n<\/tr>\n<tr>\n<td>Katri Kotitie<\/td>\n<td>2:01:04<\/td>\n<\/tr>\n<tr>\n<td>Minna Vehvil\u00e4inen<\/td>\n<td>2:12:01<\/td>\n<\/tr>\n<\/tbody>\n<\/table>\n<p><strong><br \/>\nUnton kuvia:<\/strong><\/p>\n<div id='gallery-1' class='gallery galleryid-920 gallery-columns-3 gallery-size-thumbnail'><figure class='gallery-item'>\n\t\t\t<div class='gallery-icon landscape'>\n\t\t\t\t<a href='https:\/\/www.rauhalahtiroadrunners.com\/?attachment_id=922#main'><img loading=\"lazy\" decoding=\"async\" width=\"150\" height=\"150\" src=\"https:\/\/www.rauhalahtiroadrunners.com\/wordpress_rrr\/wp-content\/uploads\/2012\/09\/IMG_4377-150x150.jpg\" class=\"attachment-thumbnail size-thumbnail\" alt=\"\" srcset=\"https:\/\/www.rauhalahtiroadrunners.com\/wordpress_rrr\/wp-content\/uploads\/2012\/09\/IMG_4377-150x150.jpg 150w, https:\/\/www.rauhalahtiroadrunners.com\/wordpress_rrr\/wp-content\/uploads\/2012\/09\/IMG_4377-96x96.jpg 96w, https:\/\/www.rauhalahtiroadrunners.com\/wordpress_rrr\/wp-content\/uploads\/2012\/09\/IMG_4377-24x24.jpg 24w, https:\/\/www.rauhalahtiroadrunners.com\/wordpress_rrr\/wp-content\/uploads\/2012\/09\/IMG_4377-36x36.jpg 36w, https:\/\/www.rauhalahtiroadrunners.com\/wordpress_rrr\/wp-content\/uploads\/2012\/09\/IMG_4377-48x48.jpg 48w, https:\/\/www.rauhalahtiroadrunners.com\/wordpress_rrr\/wp-content\/uploads\/2012\/09\/IMG_4377-64x64.jpg 64w\" sizes=\"auto, (max-width: 150px) 100vw, 150px\" \/><\/a>\n\t\t\t<\/div><\/figure><figure class='gallery-item'>\n\t\t\t<div class='gallery-icon landscape'>\n\t\t\t\t<a href='https:\/\/www.rauhalahtiroadrunners.com\/?attachment_id=923#main'><img loading=\"lazy\" decoding=\"async\" width=\"150\" height=\"150\" src=\"https:\/\/www.rauhalahtiroadrunners.com\/wordpress_rrr\/wp-content\/uploads\/2012\/09\/IMG_4381-150x150.jpg\" class=\"attachment-thumbnail size-thumbnail\" alt=\"\" srcset=\"https:\/\/www.rauhalahtiroadrunners.com\/wordpress_rrr\/wp-content\/uploads\/2012\/09\/IMG_4381-150x150.jpg 150w, https:\/\/www.rauhalahtiroadrunners.com\/wordpress_rrr\/wp-content\/uploads\/2012\/09\/IMG_4381-96x96.jpg 96w, https:\/\/www.rauhalahtiroadrunners.com\/wordpress_rrr\/wp-content\/uploads\/2012\/09\/IMG_4381-24x24.jpg 24w, https:\/\/www.rauhalahtiroadrunners.com\/wordpress_rrr\/wp-content\/uploads\/2012\/09\/IMG_4381-36x36.jpg 36w, https:\/\/www.rauhalahtiroadrunners.com\/wordpress_rrr\/wp-content\/uploads\/2012\/09\/IMG_4381-48x48.jpg 48w, https:\/\/www.rauhalahtiroadrunners.com\/wordpress_rrr\/wp-content\/uploads\/2012\/09\/IMG_4381-64x64.jpg 64w\" sizes=\"auto, (max-width: 150px) 100vw, 150px\" \/><\/a>\n\t\t\t<\/div><\/figure><figure class='gallery-item'>\n\t\t\t<div class='gallery-icon landscape'>\n\t\t\t\t<a href='https:\/\/www.rauhalahtiroadrunners.com\/?attachment_id=924#main'><img loading=\"lazy\" decoding=\"async\" width=\"150\" height=\"150\" src=\"https:\/\/www.rauhalahtiroadrunners.com\/wordpress_rrr\/wp-content\/uploads\/2012\/09\/IMG_4385-150x150.jpg\" class=\"attachment-thumbnail size-thumbnail\" alt=\"\" srcset=\"https:\/\/www.rauhalahtiroadrunners.com\/wordpress_rrr\/wp-content\/uploads\/2012\/09\/IMG_4385-150x150.jpg 150w, https:\/\/www.rauhalahtiroadrunners.com\/wordpress_rrr\/wp-content\/uploads\/2012\/09\/IMG_4385-96x96.jpg 96w, https:\/\/www.rauhalahtiroadrunners.com\/wordpress_rrr\/wp-content\/uploads\/2012\/09\/IMG_4385-24x24.jpg 24w, https:\/\/www.rauhalahtiroadrunners.com\/wordpress_rrr\/wp-content\/uploads\/2012\/09\/IMG_4385-36x36.jpg 36w, https:\/\/www.rauhalahtiroadrunners.com\/wordpress_rrr\/wp-content\/uploads\/2012\/09\/IMG_4385-48x48.jpg 48w, https:\/\/www.rauhalahtiroadrunners.com\/wordpress_rrr\/wp-content\/uploads\/2012\/09\/IMG_4385-64x64.jpg 64w\" sizes=\"auto, (max-width: 150px) 100vw, 150px\" \/><\/a>\n\t\t\t<\/div><\/figure><figure class='gallery-item'>\n\t\t\t<div class='gallery-icon landscape'>\n\t\t\t\t<a href='https:\/\/www.rauhalahtiroadrunners.com\/?attachment_id=925#main'><img loading=\"lazy\" decoding=\"async\" width=\"150\" height=\"150\" src=\"https:\/\/www.rauhalahtiroadrunners.com\/wordpress_rrr\/wp-content\/uploads\/2012\/09\/IMG_4388-150x150.jpg\" class=\"attachment-thumbnail size-thumbnail\" alt=\"\" srcset=\"https:\/\/www.rauhalahtiroadrunners.com\/wordpress_rrr\/wp-content\/uploads\/2012\/09\/IMG_4388-150x150.jpg 150w, https:\/\/www.rauhalahtiroadrunners.com\/wordpress_rrr\/wp-content\/uploads\/2012\/09\/IMG_4388-96x96.jpg 96w, https:\/\/www.rauhalahtiroadrunners.com\/wordpress_rrr\/wp-content\/uploads\/2012\/09\/IMG_4388-24x24.jpg 24w, https:\/\/www.rauhalahtiroadrunners.com\/wordpress_rrr\/wp-content\/uploads\/2012\/09\/IMG_4388-36x36.jpg 36w, https:\/\/www.rauhalahtiroadrunners.com\/wordpress_rrr\/wp-content\/uploads\/2012\/09\/IMG_4388-48x48.jpg 48w, https:\/\/www.rauhalahtiroadrunners.com\/wordpress_rrr\/wp-content\/uploads\/2012\/09\/IMG_4388-64x64.jpg 64w\" sizes=\"auto, (max-width: 150px) 100vw, 150px\" \/><\/a>\n\t\t\t<\/div><\/figure><figure class='gallery-item'>\n\t\t\t<div class='gallery-icon landscape'>\n\t\t\t\t<a href='https:\/\/www.rauhalahtiroadrunners.com\/?attachment_id=926#main'><img loading=\"lazy\" decoding=\"async\" width=\"150\" height=\"150\" src=\"https:\/\/www.rauhalahtiroadrunners.com\/wordpress_rrr\/wp-content\/uploads\/2012\/09\/IMG_4390-150x150.jpg\" class=\"attachment-thumbnail size-thumbnail\" alt=\"\" srcset=\"https:\/\/www.rauhalahtiroadrunners.com\/wordpress_rrr\/wp-content\/uploads\/2012\/09\/IMG_4390-150x150.jpg 150w, https:\/\/www.rauhalahtiroadrunners.com\/wordpress_rrr\/wp-content\/uploads\/2012\/09\/IMG_4390-96x96.jpg 96w, https:\/\/www.rauhalahtiroadrunners.com\/wordpress_rrr\/wp-content\/uploads\/2012\/09\/IMG_4390-24x24.jpg 24w, https:\/\/www.rauhalahtiroadrunners.com\/wordpress_rrr\/wp-content\/uploads\/2012\/09\/IMG_4390-36x36.jpg 36w, https:\/\/www.rauhalahtiroadrunners.com\/wordpress_rrr\/wp-content\/uploads\/2012\/09\/IMG_4390-48x48.jpg 48w, https:\/\/www.rauhalahtiroadrunners.com\/wordpress_rrr\/wp-content\/uploads\/2012\/09\/IMG_4390-64x64.jpg 64w\" sizes=\"auto, (max-width: 150px) 100vw, 150px\" \/><\/a>\n\t\t\t<\/div><\/figure><figure class='gallery-item'>\n\t\t\t<div class='gallery-icon landscape'>\n\t\t\t\t<a href='https:\/\/www.rauhalahtiroadrunners.com\/?attachment_id=927#main'><img loading=\"lazy\" decoding=\"async\" width=\"150\" height=\"150\" src=\"https:\/\/www.rauhalahtiroadrunners.com\/wordpress_rrr\/wp-content\/uploads\/2012\/09\/IMG_4391-150x150.jpg\" class=\"attachment-thumbnail size-thumbnail\" alt=\"\" srcset=\"https:\/\/www.rauhalahtiroadrunners.com\/wordpress_rrr\/wp-content\/uploads\/2012\/09\/IMG_4391-150x150.jpg 150w, https:\/\/www.rauhalahtiroadrunners.com\/wordpress_rrr\/wp-content\/uploads\/2012\/09\/IMG_4391-96x96.jpg 96w, https:\/\/www.rauhalahtiroadrunners.com\/wordpress_rrr\/wp-content\/uploads\/2012\/09\/IMG_4391-24x24.jpg 24w, https:\/\/www.rauhalahtiroadrunners.com\/wordpress_rrr\/wp-content\/uploads\/2012\/09\/IMG_4391-36x36.jpg 36w, https:\/\/www.rauhalahtiroadrunners.com\/wordpress_rrr\/wp-content\/uploads\/2012\/09\/IMG_4391-48x48.jpg 48w, https:\/\/www.rauhalahtiroadrunners.com\/wordpress_rrr\/wp-content\/uploads\/2012\/09\/IMG_4391-64x64.jpg 64w\" sizes=\"auto, (max-width: 150px) 100vw, 150px\" \/><\/a>\n\t\t\t<\/div><\/figure><figure class='gallery-item'>\n\t\t\t<div class='gallery-icon portrait'>\n\t\t\t\t<a href='https:\/\/www.rauhalahtiroadrunners.com\/?attachment_id=928#main'><img loading=\"lazy\" decoding=\"async\" width=\"150\" height=\"150\" src=\"https:\/\/www.rauhalahtiroadrunners.com\/wordpress_rrr\/wp-content\/uploads\/2012\/09\/IMG_4394-150x150.jpg\" class=\"attachment-thumbnail size-thumbnail\" alt=\"\" srcset=\"https:\/\/www.rauhalahtiroadrunners.com\/wordpress_rrr\/wp-content\/uploads\/2012\/09\/IMG_4394-150x150.jpg 150w, https:\/\/www.rauhalahtiroadrunners.com\/wordpress_rrr\/wp-content\/uploads\/2012\/09\/IMG_4394-96x96.jpg 96w, https:\/\/www.rauhalahtiroadrunners.com\/wordpress_rrr\/wp-content\/uploads\/2012\/09\/IMG_4394-24x24.jpg 24w, https:\/\/www.rauhalahtiroadrunners.com\/wordpress_rrr\/wp-content\/uploads\/2012\/09\/IMG_4394-36x36.jpg 36w, https:\/\/www.rauhalahtiroadrunners.com\/wordpress_rrr\/wp-content\/uploads\/2012\/09\/IMG_4394-48x48.jpg 48w, https:\/\/www.rauhalahtiroadrunners.com\/wordpress_rrr\/wp-content\/uploads\/2012\/09\/IMG_4394-64x64.jpg 64w\" sizes=\"auto, (max-width: 150px) 100vw, 150px\" \/><\/a>\n\t\t\t<\/div><\/figure><figure class='gallery-item'>\n\t\t\t<div class='gallery-icon portrait'>\n\t\t\t\t<a href='https:\/\/www.rauhalahtiroadrunners.com\/?attachment_id=929#main'><img loading=\"lazy\" decoding=\"async\" width=\"150\" height=\"150\" src=\"https:\/\/www.rauhalahtiroadrunners.com\/wordpress_rrr\/wp-content\/uploads\/2012\/09\/IMG_4397-150x150.jpg\" class=\"attachment-thumbnail size-thumbnail\" alt=\"\" srcset=\"https:\/\/www.rauhalahtiroadrunners.com\/wordpress_rrr\/wp-content\/uploads\/2012\/09\/IMG_4397-150x150.jpg 150w, https:\/\/www.rauhalahtiroadrunners.com\/wordpress_rrr\/wp-content\/uploads\/2012\/09\/IMG_4397-96x96.jpg 96w, https:\/\/www.rauhalahtiroadrunners.com\/wordpress_rrr\/wp-content\/uploads\/2012\/09\/IMG_4397-24x24.jpg 24w, https:\/\/www.rauhalahtiroadrunners.com\/wordpress_rrr\/wp-content\/uploads\/2012\/09\/IMG_4397-36x36.jpg 36w, https:\/\/www.rauhalahtiroadrunners.com\/wordpress_rrr\/wp-content\/uploads\/2012\/09\/IMG_4397-48x48.jpg 48w, https:\/\/www.rauhalahtiroadrunners.com\/wordpress_rrr\/wp-content\/uploads\/2012\/09\/IMG_4397-64x64.jpg 64w\" sizes=\"auto, (max-width: 150px) 100vw, 150px\" \/><\/a>\n\t\t\t<\/div><\/figure><figure class='gallery-item'>\n\t\t\t<div class='gallery-icon landscape'>\n\t\t\t\t<a href='https:\/\/www.rauhalahtiroadrunners.com\/?attachment_id=930#main'><img loading=\"lazy\" decoding=\"async\" width=\"150\" height=\"150\" src=\"https:\/\/www.rauhalahtiroadrunners.com\/wordpress_rrr\/wp-content\/uploads\/2012\/09\/IMG_4398-150x150.jpg\" class=\"attachment-thumbnail size-thumbnail\" alt=\"\" srcset=\"https:\/\/www.rauhalahtiroadrunners.com\/wordpress_rrr\/wp-content\/uploads\/2012\/09\/IMG_4398-150x150.jpg 150w, https:\/\/www.rauhalahtiroadrunners.com\/wordpress_rrr\/wp-content\/uploads\/2012\/09\/IMG_4398-96x96.jpg 96w, https:\/\/www.rauhalahtiroadrunners.com\/wordpress_rrr\/wp-content\/uploads\/2012\/09\/IMG_4398-24x24.jpg 24w, https:\/\/www.rauhalahtiroadrunners.com\/wordpress_rrr\/wp-content\/uploads\/2012\/09\/IMG_4398-36x36.jpg 36w, https:\/\/www.rauhalahtiroadrunners.com\/wordpress_rrr\/wp-content\/uploads\/2012\/09\/IMG_4398-48x48.jpg 48w, https:\/\/www.rauhalahtiroadrunners.com\/wordpress_rrr\/wp-content\/uploads\/2012\/09\/IMG_4398-64x64.jpg 64w\" sizes=\"auto, (max-width: 150px) 100vw, 150px\" \/><\/a>\n\t\t\t<\/div><\/figure><figure class='gallery-item'>\n\t\t\t<div class='gallery-icon portrait'>\n\t\t\t\t<a href='https:\/\/www.rauhalahtiroadrunners.com\/?attachment_id=931#main'><img loading=\"lazy\" decoding=\"async\" width=\"150\" height=\"150\" src=\"https:\/\/www.rauhalahtiroadrunners.com\/wordpress_rrr\/wp-content\/uploads\/2012\/09\/IMG_4405-150x150.jpg\" class=\"attachment-thumbnail size-thumbnail\" alt=\"\" srcset=\"https:\/\/www.rauhalahtiroadrunners.com\/wordpress_rrr\/wp-content\/uploads\/2012\/09\/IMG_4405-150x150.jpg 150w, https:\/\/www.rauhalahtiroadrunners.com\/wordpress_rrr\/wp-content\/uploads\/2012\/09\/IMG_4405-96x96.jpg 96w, https:\/\/www.rauhalahtiroadrunners.com\/wordpress_rrr\/wp-content\/uploads\/2012\/09\/IMG_4405-24x24.jpg 24w, https:\/\/www.rauhalahtiroadrunners.com\/wordpress_rrr\/wp-content\/uploads\/2012\/09\/IMG_4405-36x36.jpg 36w, https:\/\/www.rauhalahtiroadrunners.com\/wordpress_rrr\/wp-content\/uploads\/2012\/09\/IMG_4405-48x48.jpg 48w, https:\/\/www.rauhalahtiroadrunners.com\/wordpress_rrr\/wp-content\/uploads\/2012\/09\/IMG_4405-64x64.jpg 64w\" sizes=\"auto, (max-width: 150px) 100vw, 150px\" \/><\/a>\n\t\t\t<\/div><\/figure><figure class='gallery-item'>\n\t\t\t<div class='gallery-icon landscape'>\n\t\t\t\t<a href='https:\/\/www.rauhalahtiroadrunners.com\/?attachment_id=932#main'><img loading=\"lazy\" decoding=\"async\" width=\"150\" height=\"150\" src=\"https:\/\/www.rauhalahtiroadrunners.com\/wordpress_rrr\/wp-content\/uploads\/2012\/09\/IMG_4406-150x150.jpg\" class=\"attachment-thumbnail size-thumbnail\" alt=\"\" srcset=\"https:\/\/www.rauhalahtiroadrunners.com\/wordpress_rrr\/wp-content\/uploads\/2012\/09\/IMG_4406-150x150.jpg 150w, https:\/\/www.rauhalahtiroadrunners.com\/wordpress_rrr\/wp-content\/uploads\/2012\/09\/IMG_4406-96x96.jpg 96w, https:\/\/www.rauhalahtiroadrunners.com\/wordpress_rrr\/wp-content\/uploads\/2012\/09\/IMG_4406-24x24.jpg 24w, https:\/\/www.rauhalahtiroadrunners.com\/wordpress_rrr\/wp-content\/uploads\/2012\/09\/IMG_4406-36x36.jpg 36w, https:\/\/www.rauhalahtiroadrunners.com\/wordpress_rrr\/wp-content\/uploads\/2012\/09\/IMG_4406-48x48.jpg 48w, https:\/\/www.rauhalahtiroadrunners.com\/wordpress_rrr\/wp-content\/uploads\/2012\/09\/IMG_4406-64x64.jpg 64w\" sizes=\"auto, (max-width: 150px) 100vw, 150px\" \/><\/a>\n\t\t\t<\/div><\/figure>\n\t\t<\/div>\n\n<p>&nbsp;<\/p>\n<p>Hippoksen Maratonkerhon sivuilta l\u00f6ytyy paljon <a title=\"Finlandia Marathon 2012\" href=\"http:\/\/www.maratonkerho.fi\/uutiset.php?nayta_uutinen=11863\" target=\"_blank\">kuvia<\/a>.<\/p>\n","protected":false},"excerpt":{"rendered":"<p>Finlandia Marathon juostiin Jyv\u00e4skyl\u00e4ss\u00e4 lauantaina 8.9.2012. Mukana oli j\u00e4lleen toistakymment\u00e4 j\u00e4sent\u00e4mme. T\u00e4ss\u00e4 poimintoja tulosluettelosta: Maraton: Jarmo V\u00e4\u00e4n\u00e4nen 2:59:05 Jukka Patrakka 3:01:13 Unto Juutinen 3:23:30 Eka Partanen 3:28:12 Kalle Kotitie 3:55:24 Petteri Holopainen 4:18:46 Helena Aronen 4:22:48 Puolimaraton: Katja Hyv\u00e4rinen 1:27:37 Juha Valta 1:32:40 Matti Laitinen 1:35:06 Tenho Isola 1:43:07 Johanna L\u00e4hteenvuo 2:00:34 Katri Kotitie 2:01:04 &#8230; <a title=\"Finlandia Marathon 2012\" class=\"read-more\" href=\"https:\/\/www.rauhalahtiroadrunners.com\/?page_id=920\" aria-label=\"Lue lis\u00e4\u00e4 aiheesta Finlandia Marathon 2012\">Lue lis\u00e4\u00e4<\/a><\/p>\n","protected":false},"author":3,"featured_media":0,"parent":0,"menu_order":0,"comment_status":"closed","ping_status":"open","template":"","meta":{"footnotes":""},"class_list":["post-920","page","type-page","status-publish"],"_links":{"self":[{"href":"https:\/\/www.rauhalahtiroadrunners.com\/index.php?rest_route=\/wp\/v2\/pages\/920","targetHints":{"allow":["GET"]}}],"collection":[{"href":"https:\/\/www.rauhalahtiroadrunners.com\/index.php?rest_route=\/wp\/v2\/pages"}],"about":[{"href":"https:\/\/www.rauhalahtiroadrunners.com\/index.php?rest_route=\/wp\/v2\/types\/page"}],"author":[{"embeddable":true,"href":"https:\/\/www.rauhalahtiroadrunners.com\/index.php?rest_route=\/wp\/v2\/users\/3"}],"replies":[{"embeddable":true,"href":"https:\/\/www.rauhalahtiroadrunners.com\/index.php?rest_route=%2Fwp%2Fv2%2Fcomments&post=920"}],"version-history":[{"count":1,"href":"https:\/\/www.rauhalahtiroadrunners.com\/index.php?rest_route=\/wp\/v2\/pages\/920\/revisions"}],"predecessor-version":[{"id":921,"href":"https:\/\/www.rauhalahtiroadrunners.com\/index.php?rest_route=\/wp\/v2\/pages\/920\/revisions\/921"}],"wp:attachment":[{"href":"https:\/\/www.rauhalahtiroadrunners.com\/index.php?rest_route=%2Fwp%2Fv2%2Fmedia&parent=920"}],"curies":[{"name":"wp","href":"https:\/\/api.w.org\/{rel}","templated":true}]}}