{"id":903,"date":"2012-08-19T21:53:29","date_gmt":"2012-08-19T18:53:29","guid":{"rendered":"http:\/\/www.rauhalahtiroadrunners.com\/?page_id=903"},"modified":"2012-08-22T19:10:14","modified_gmt":"2012-08-22T16:10:14","slug":"hcm-18-8-2012","status":"publish","type":"page","link":"https:\/\/www.rauhalahtiroadrunners.com\/?page_id=903","title":{"rendered":"HCM 18.8.2012"},"content":{"rendered":"<p><span style=\"font-size: 14px;\"><strong>HELSINKI CITY MARATHON<\/strong><\/span><br \/>\n18.8.2012<\/p>\n<p>HCM juostiin lauantaina 18.8.2012 l\u00e4hes helteisiss\u00e4 olosuhteissa. Mukana oli kymmenkunta RRR-l\u00e4ist\u00e4. Osa porukasta p\u00e4\u00e4si yhteiskuvaan Lasse Virenin patsaalle, osa meni Paavo Nurmen patsaalle \ud83d\ude09<\/p>\n<p>T\u00e4ss\u00e4 tuloksia:<\/p>\n<p>&nbsp;<\/p>\n<table style=\"width: 765px;\" border=\"0\" cellspacing=\"0\" cellpadding=\"1\">\n<tbody>\n<tr>\n<td valign=\"top\" width=\"35\"><strong>Sij.<\/strong><\/td>\n<td valign=\"top\" width=\"55\"><strong>Numero<\/strong><\/td>\n<td valign=\"top\" width=\"105\"><strong>Sukunimi<\/strong><\/td>\n<td valign=\"top\" width=\"100\"><strong>Etunimi<\/strong><\/td>\n<td valign=\"top\" width=\"70\"><strong>Seura<\/strong><\/td>\n<td valign=\"top\" width=\"130\"><strong>Sarja<\/strong><\/td>\n<td align=\"center\" width=\"50\"><strong>Brutto<br \/>\naika<\/strong><\/td>\n<td align=\"center\" width=\"50\"><strong>Netto<br \/>\naika<\/strong><\/td>\n<td width=\"65\"><\/td>\n<\/tr>\n<tr>\n<td>465<\/td>\n<td>5194<\/td>\n<td>K\u00e4h\u00f6nen<\/td>\n<td>Martti<\/td>\n<td>RRR<\/td>\n<td>HCM Miehet 65v<\/td>\n<td align=\"right\">3:36:29<\/td>\n<td align=\"right\">3:36:08<\/td>\n<\/tr>\n<tr>\n<td>1025<\/td>\n<td>851<\/td>\n<td>Ojanen<\/td>\n<td>Anu<\/td>\n<td>RRR<\/td>\n<td>HCM Naiset 45v<\/td>\n<td align=\"right\">3:54:32<\/td>\n<td align=\"right\">3:54:19<\/td>\n<\/tr>\n<tr>\n<td>1192<\/td>\n<td>2812<\/td>\n<td>Paldanius<\/td>\n<td>Anna-Mari<\/td>\n<td>RRR<\/td>\n<td>HCM Naiset yleinen<\/td>\n<td align=\"right\">3:57:46<\/td>\n<td align=\"right\">3:55:22<\/td>\n<\/tr>\n<tr>\n<td>1316<\/td>\n<td>3637<\/td>\n<td>Komulainen<\/td>\n<td>Tuomo<\/td>\n<td>RRR<\/td>\n<td>HCM Miehet 50v<\/td>\n<td align=\"right\">3:59:22<\/td>\n<td align=\"right\">3:58:01<\/td>\n<\/tr>\n<tr>\n<td>1536<\/td>\n<td>5059<\/td>\n<td>Hynynen<\/td>\n<td>Irja Maria<\/td>\n<td>RRR<\/td>\n<td>HCM Naiset 55v<\/td>\n<td align=\"right\">4:05:34<\/td>\n<td align=\"right\">4:03:51<\/td>\n<\/tr>\n<tr>\n<td>1565<\/td>\n<td>1397<\/td>\n<td>Isola<\/td>\n<td>Tenho<\/td>\n<td>RRR<\/td>\n<td>HCM Miehet 65v<\/td>\n<td align=\"right\">4:06:12<\/td>\n<td align=\"right\">4:04:48<\/td>\n<\/tr>\n<tr>\n<td>2571<\/td>\n<td>3287<\/td>\n<td>Ukkonen<\/td>\n<td>Jari<\/td>\n<td>RRR<\/td>\n<td>HCM Miehet 40v<\/td>\n<td align=\"right\">4:30:47<\/td>\n<td align=\"right\">4:28:23<\/td>\n<\/tr>\n<tr>\n<td>3046<\/td>\n<td>729<\/td>\n<td>Tuhkalainen<\/td>\n<td>Jaana<\/td>\n<td>RRR<\/td>\n<td>HCM Naiset 45v<\/td>\n<td align=\"right\">4:44:14<\/td>\n<td align=\"right\">4:42:00<\/td>\n<\/tr>\n<tr>\n<td>3167<\/td>\n<td>428<\/td>\n<td>Pelo<\/td>\n<td>Leila<\/td>\n<td>RRR<\/td>\n<td>HCM Naiset 45v<\/td>\n<td align=\"right\">4:47:59<\/td>\n<td align=\"right\">4:45:45<\/td>\n<\/tr>\n<tr>\n<td>3475<\/td>\n<td>832<\/td>\n<td>Ljokkoi<\/td>\n<td>Outi<\/td>\n<td>RRR<\/td>\n<td>HCM Naiset 50v<\/td>\n<td align=\"right\">4:57:10<\/td>\n<td align=\"right\">4:54:56<\/td>\n<\/tr>\n<tr>\n<td>3890<\/td>\n<td>2513<\/td>\n<td>Kytt\u00e4<\/td>\n<td>Hanna<\/td>\n<td>RRR<\/td>\n<td>HCM Naiset 40v<\/td>\n<td align=\"right\">5:19:41<\/td>\n<td align=\"right\">5:16:04<\/td>\n<\/tr>\n<\/tbody>\n<\/table>\n<p>Alla Markun kuvasatoa, klikkaamalla kuvaa avautuu Picasa-albumi.<\/p>\n<table style=\"width: 194px;\">\n<tbody>\n<tr>\n<td style=\"height: 194px; background: url('https:\/\/picasaweb.google.com\/s\/c\/transparent_album_background.gif') no-repeat left;\" align=\"center\"><a href=\"https:\/\/picasaweb.google.com\/110862520886183653495\/HCM1882012?authuser=0&amp;authkey=Gv1sRgCK2Ls_mU-_eaSw&amp;feat=embedwebsite\" target=\"_blank\"><img loading=\"lazy\" decoding=\"async\" style=\"margin: 1px 0px 0px 4px;\" src=\"https:\/\/lh4.googleusercontent.com\/-Ax79hgNfU9w\/UDEmpIwnssE\/AAAAAAAABHU\/sNBQMi1S5KE\/s160-c\/HCM1882012.jpg\" alt=\"\" width=\"160\" height=\"160\" \/><\/a><\/td>\n<\/tr>\n<tr>\n<td style=\"text-align: center; font-family: arial,sans-serif; font-size: 11px;\"><a style=\"color: #4d4d4d; font-weight: bold; text-decoration: none;\" href=\"https:\/\/picasaweb.google.com\/110862520886183653495\/HCM1882012?authuser=0&amp;authkey=Gv1sRgCK2Ls_mU-_eaSw&amp;feat=embedwebsite\">HCM 18.8.2012<\/a><\/td>\n<\/tr>\n<\/tbody>\n<\/table>\n","protected":false},"excerpt":{"rendered":"<p>HELSINKI CITY MARATHON 18.8.2012 HCM juostiin lauantaina 18.8.2012 l\u00e4hes helteisiss\u00e4 olosuhteissa. Mukana oli kymmenkunta RRR-l\u00e4ist\u00e4. Osa porukasta p\u00e4\u00e4si yhteiskuvaan Lasse Virenin patsaalle, osa meni Paavo Nurmen patsaalle \ud83d\ude09 T\u00e4ss\u00e4 tuloksia: &nbsp; Sij. Numero Sukunimi Etunimi Seura Sarja Brutto aika Netto aika 465 5194 K\u00e4h\u00f6nen Martti RRR HCM Miehet 65v 3:36:29 3:36:08 1025 851 Ojanen Anu &#8230; <a title=\"HCM 18.8.2012\" class=\"read-more\" href=\"https:\/\/www.rauhalahtiroadrunners.com\/?page_id=903\" aria-label=\"Lue lis\u00e4\u00e4 aiheesta HCM 18.8.2012\">Lue lis\u00e4\u00e4<\/a><\/p>\n","protected":false},"author":3,"featured_media":0,"parent":0,"menu_order":0,"comment_status":"closed","ping_status":"open","template":"","meta":{"footnotes":""},"class_list":["post-903","page","type-page","status-publish"],"_links":{"self":[{"href":"https:\/\/www.rauhalahtiroadrunners.com\/index.php?rest_route=\/wp\/v2\/pages\/903","targetHints":{"allow":["GET"]}}],"collection":[{"href":"https:\/\/www.rauhalahtiroadrunners.com\/index.php?rest_route=\/wp\/v2\/pages"}],"about":[{"href":"https:\/\/www.rauhalahtiroadrunners.com\/index.php?rest_route=\/wp\/v2\/types\/page"}],"author":[{"embeddable":true,"href":"https:\/\/www.rauhalahtiroadrunners.com\/index.php?rest_route=\/wp\/v2\/users\/3"}],"replies":[{"embeddable":true,"href":"https:\/\/www.rauhalahtiroadrunners.com\/index.php?rest_route=%2Fwp%2Fv2%2Fcomments&post=903"}],"version-history":[{"count":1,"href":"https:\/\/www.rauhalahtiroadrunners.com\/index.php?rest_route=\/wp\/v2\/pages\/903\/revisions"}],"predecessor-version":[{"id":904,"href":"https:\/\/www.rauhalahtiroadrunners.com\/index.php?rest_route=\/wp\/v2\/pages\/903\/revisions\/904"}],"wp:attachment":[{"href":"https:\/\/www.rauhalahtiroadrunners.com\/index.php?rest_route=%2Fwp%2Fv2%2Fmedia&parent=903"}],"curies":[{"name":"wp","href":"https:\/\/api.w.org\/{rel}","templated":true}]}}