{"id":776,"date":"2012-05-03T15:16:05","date_gmt":"2012-05-03T12:16:05","guid":{"rendered":"http:\/\/www.rauhalahtiroadrunners.com\/?page_id=776"},"modified":"2012-05-03T15:16:05","modified_gmt":"2012-05-03T12:16:05","slug":"hampurin-maraton-2012","status":"publish","type":"page","link":"https:\/\/www.rauhalahtiroadrunners.com\/?page_id=776","title":{"rendered":"Hampurin maraton 2012"},"content":{"rendered":"<h2><strong>HAMPURIN MARATONMATKA 27.4. &#8211; 1.5.2012<\/strong><\/h2>\n<p>Matkalla mukana: Unto ja Sisko, Vesa ja Leila, Markku ja Marke sek\u00e4 Seppo<\/p>\n<p><a href=\"http:\/\/www.rauhalahtiroadrunners.com\/Hampuri_2012_suomalaisten_tulokset.pdf\" target=\"_blank\">Suomalaisten tulokset<\/a><\/p>\n<p>Kuvasatoa useammasta kamerasta:<\/p>\n<ul>\n<li>\u00a0<a href=\"http:\/\/www.rauhalahtiroadrunners.com\/2012_Hampuri_osa1.htm\" target=\"_blank\">ennen juoksua<\/a><\/li>\n<li><a href=\"http:\/\/www.rauhalahtiroadrunners.com\/2012_Hampuri_osa2.htm\" target=\"_blank\">\u00a0juoksup\u00e4iv\u00e4n\u00e4 29.4.2012<\/a><\/li>\n<li><a href=\"http:\/\/www.rauhalahtiroadrunners.com\/2012_Hampuri_osa3.htm\" target=\"_blank\">\u00a0juoksun j\u00e4lkeen<\/a><\/li>\n<li>\u00a0<a href=\"http:\/\/www.rauhalahtiroadrunners.com\/2012_Hampuri_osa4.htm\" target=\"_blank\">Vappujuhlat Merimieskirkolla<\/a><\/li>\n<\/ul>\n<p>&nbsp;<\/p>\n","protected":false},"excerpt":{"rendered":"<p>HAMPURIN MARATONMATKA 27.4. &#8211; 1.5.2012 Matkalla mukana: Unto ja Sisko, Vesa ja Leila, Markku ja Marke sek\u00e4 Seppo Suomalaisten tulokset Kuvasatoa useammasta kamerasta: \u00a0ennen juoksua \u00a0juoksup\u00e4iv\u00e4n\u00e4 29.4.2012 \u00a0juoksun j\u00e4lkeen \u00a0Vappujuhlat Merimieskirkolla &nbsp;<\/p>\n","protected":false},"author":3,"featured_media":0,"parent":0,"menu_order":0,"comment_status":"closed","ping_status":"open","template":"","meta":{"footnotes":""},"class_list":["post-776","page","type-page","status-publish"],"_links":{"self":[{"href":"https:\/\/www.rauhalahtiroadrunners.com\/index.php?rest_route=\/wp\/v2\/pages\/776","targetHints":{"allow":["GET"]}}],"collection":[{"href":"https:\/\/www.rauhalahtiroadrunners.com\/index.php?rest_route=\/wp\/v2\/pages"}],"about":[{"href":"https:\/\/www.rauhalahtiroadrunners.com\/index.php?rest_route=\/wp\/v2\/types\/page"}],"author":[{"embeddable":true,"href":"https:\/\/www.rauhalahtiroadrunners.com\/index.php?rest_route=\/wp\/v2\/users\/3"}],"replies":[{"embeddable":true,"href":"https:\/\/www.rauhalahtiroadrunners.com\/index.php?rest_route=%2Fwp%2Fv2%2Fcomments&post=776"}],"version-history":[{"count":1,"href":"https:\/\/www.rauhalahtiroadrunners.com\/index.php?rest_route=\/wp\/v2\/pages\/776\/revisions"}],"predecessor-version":[{"id":777,"href":"https:\/\/www.rauhalahtiroadrunners.com\/index.php?rest_route=\/wp\/v2\/pages\/776\/revisions\/777"}],"wp:attachment":[{"href":"https:\/\/www.rauhalahtiroadrunners.com\/index.php?rest_route=%2Fwp%2Fv2%2Fmedia&parent=776"}],"curies":[{"name":"wp","href":"https:\/\/api.w.org\/{rel}","templated":true}]}}