{"id":7296,"date":"2024-12-09T12:49:57","date_gmt":"2024-12-09T09:49:57","guid":{"rendered":"https:\/\/www.rauhalahtiroadrunners.com\/?page_id=7296"},"modified":"2026-01-01T00:53:22","modified_gmt":"2025-12-31T21:53:22","slug":"juoksukalenteri-2025","status":"publish","type":"page","link":"https:\/\/www.rauhalahtiroadrunners.com\/?page_id=7296","title":{"rendered":"Juoksukalenteri 2025"},"content":{"rendered":"<p><span style=\"font-size: 14pt;\"><strong><span style=\"font-size: 24pt;\">JUOKSUKALENTERI 2025<\/span> <\/strong><\/span><\/p>\r\n<p>P\u00e4ivitetty 31.12.2025.<\/p>\r\n<!-- \/wp:post-content -->\r\n\r\n<!-- wp:paragraph -->\r\n<p><strong>TAMMIKUU<\/strong><\/p>\r\n<p>su 19.1.2025 <a href=\"https:\/\/www.madeiramarathon.com\/\">Funchal Marathon<\/a>, Madeira, <a href=\"https:\/\/www.rauhalahtiroadrunners.com\/?p=7387\">tulokset<\/a><br \/>su 26.1.2025 klo 9:00 <a href=\"https:\/\/ultrafinn.fi\/juoksutapahtumat\/kotirataultra\/\" target=\"_blank\" rel=\"noreferrer noopener\" aria-label=\" (avautuu uudessa v\u00e4lilehdess\u00e4)\">Kotirataultra<\/a> (1-2 x 25 km), l\u00e4ht\u00f6 <a href=\"http:\/\/www.rauhalahti.fi\/\" target=\"_blank\" rel=\"noreferrer noopener\">Kylpyl\u00e4hotelli Rauhalahdesta<\/a>, katso <a href=\"..\/..\/2009_kotirataultrareitit.htm\" target=\"_blank\" rel=\"noreferrer noopener\">reitti<\/a> V\u00e4n\u00e4rin ja Saaristokaupungin kautta, ilmoita tuloksesi (vain 50 km) <a href=\"https:\/\/ultrafinn.fi\/juoksutapahtumat\/kotirataultra\/tulos\/\" target=\"_blank\" rel=\"noreferrer noopener\">t\u00e4nne<\/a>.<\/p>\r\n<!-- \/wp:paragraph -->\r\n\r\n<!-- wp:paragraph -->\r\n<p><strong>HELMIKUU<\/strong><\/p>\r\n<p>la-su 22.-23.2.2025 <a href=\"http:\/\/endurance.fi\/e24\/\" target=\"_blank\" rel=\"noreferrer noopener\">15. ENDURANCE 24h<\/a>, Espoo <br \/>su 23.2.2025 klo 9:00 <a href=\"https:\/\/ultrafinn.fi\/juoksutapahtumat\/kotirataultra\/\" target=\"_blank\" rel=\"noreferrer noopener\" aria-label=\" (avautuu uudessa v\u00e4lilehdess\u00e4)\">Kotirataultra<\/a> (1-2 x 25 km), l\u00e4ht\u00f6 <a href=\"http:\/\/www.rauhalahti.fi\/\" target=\"_blank\" rel=\"noreferrer noopener\">Kylpyl\u00e4hotelli Rauhalahdesta<\/a>, sama <a href=\"..\/..\/2009_kotirataultrareitit.htm\" target=\"_blank\" rel=\"noreferrer noopener\">reitti<\/a> kuin tammikuussa, ilmoita tuloksesi (vain 50 km) <a href=\"https:\/\/ultrafinn.fi\/juoksutapahtumat\/kotirataultra\/tulos\/\" target=\"_blank\" rel=\"noreferrer noopener\">t\u00e4nne<\/a><\/p>\r\n<!-- \/wp:paragraph -->\r\n\r\n<!-- wp:paragraph \/-->\r\n\r\n<!-- wp:paragraph -->\r\n<p><strong>MAALISKUU<\/strong><\/p>\r\n<p>su 2.3.2025 <a href=\"https:\/\/www.marathon.tokyo\/en\/\">Tokion maraton<\/a>, <a href=\"https:\/\/www.rauhalahtiroadrunners.com\/?p=7412\">raportti<\/a><\/p>\r\n<!-- \/wp:paragraph -->\r\n\r\n<!-- wp:paragraph -->\r\n<p><strong>HUHTIKUU<\/strong><\/p>\r\n<!-- \/wp:paragraph -->\r\n\r\n<!-- wp:paragraph -->\r\n<p>la 12.4.2025 klo 12:00 <a href=\"https:\/\/www.rauhalahtiroadrunners.com\/?page_id=7352\" data-type=\"page\" data-id=\"5809\">Kolmen Kylpyl\u00e4n Kirmaisu<\/a>,\u00a0<a href=\"https:\/\/www.rauhalahtiroadrunners.com\/?page_id=2005\" target=\"_blank\" rel=\"noreferrer noopener\">reittikartta<\/a>, <a href=\"https:\/\/www.rauhalahtiroadrunners.com\/?p=7441\">kuvaraportti<\/a><br \/>su 13.4.2025 klo 12:00-14:40\u00a0 <a href=\"http:\/\/www.helsinkispringmarathon.net\/etusivu\">Helsinki Spring Marathon<\/a>, <a href=\"https:\/\/www.rauhalahtiroadrunners.com\/?p=7448\">tulokset<\/a><br \/>su 13.4.2025 <a href=\"https:\/\/www.zuerichmarathon.ch\/\">Zurich Marathon<\/a>, Sveitsi<br \/>ma 21.4.2025 <a href=\"http:\/\/www.baa.org\/\" target=\"_blank\" rel=\"noreferrer noopener\">Bostonin maraton<\/a>, <a href=\"https:\/\/results.baa.org\/2025\/?pid=leaderboard&amp;pidp=leaderboard\">tulokset<\/a><br \/>la 26.4.2025 klo 12:00 <a href=\"http:\/\/www.kyronjokimaraton.com\/\" target=\"_blank\" rel=\"noreferrer noopener\">Kyr\u00f6njoki-maraton<\/a> Ylistarossa, <a href=\"https:\/\/kyronjokimaraton.com\/wp-content\/uploads\/2025\/04\/38.-Kyronjoki-maraton-tulos.pdf\">tulokset<\/a><br \/>su 27.4.2025 <a href=\"https:\/\/www.tcslondonmarathon.com\/\">Lontoon maraton<\/a>, <a href=\"https:\/\/www.londonmarathonevents.co.uk\/london-marathon\/results\">tulokset<\/a><br \/>su 27.4.2025 <a href=\"https:\/\/www.vilpasyu.fi\/sm-maantie-2025\/\">SAUL SM-puolimaraton<\/a>, Salo, <a href=\"https:\/\/www.rauhalahtiroadrunners.com\/?p=7459\">tulokset<\/a><br \/><br \/><\/p>\r\n<!-- \/wp:paragraph -->\r\n\r\n<!-- wp:paragraph -->\r\n<p><strong>TOUKOKUU<\/strong><\/p>\r\n<p>la 3.5.2025 klo 13:00 <a href=\"https:\/\/karttu.sporttisaitti.com\/karttulan-katujuoksu-3-5-2025\/\">Karttulan katujuoksu<\/a>, Karttula, <a href=\"https:\/\/www.rauhalahtiroadrunners.com\/?p=7466\">tulokset<\/a><br \/>la 10.5.2025 klo 9:30-11:00 <a href=\"https:\/\/varkkv.fi\/varkauspuolikas\" target=\"_blank\" rel=\"noreferrer noopener\">Varkaus Puolikas<\/a>, <a href=\"https:\/\/www.rauhalahtiroadrunners.com\/?p=7485\">tulokset<\/a><br \/>su 11.5.2025 <a href=\"https:\/\/copenhagenmarathon.dk\/en\/\">K\u00f6\u00f6penhaminan maraton<\/a>, <a href=\"https:\/\/www.rauhalahtiroadrunners.com\/?p=7489\">tulokset<\/a><br \/>??? la 10.5.2025 klo 12:00 <a href=\"https:\/\/maaninganmahti.sporttisaitti.com\/yleisurheilu\/xlvii-maaninka-holkka-11-5-2024\/\">Maaninka H\u00f6lkk\u00e4<\/a> (ei j\u00e4rjestet\u00e4 v. 2025)<br \/>la 17.5.2025 klo 14:30 <a href=\"http:\/\/www.helsinkicityrun.fi\/\" target=\"_blank\" rel=\"noreferrer noopener\">Helsinki City Run<\/a>, <a href=\"https:\/\/www.rauhalahtiroadrunners.com\/?p=7496\">tulokset<\/a><br \/>la 17.5.2025 klo 9:30 <a href=\"http:\/\/www.helsinkicitymarathon.fi\/\">Helsinki City Marathon<\/a>, <a href=\"https:\/\/www.rauhalahtiroadrunners.com\/?p=7496\">tulokset<\/a><br \/>la 17.5.2025 <a href=\"https:\/\/www.yleisurheilu.fi\/seurat\/kansallinenjuoksupaiva\/\">Kansallinen juoksup\u00e4iv\u00e4<\/a><br \/>su 18.5.2025 <a href=\"https:\/\/rimirigamarathon.com\/en\/\">Rimi Riga Marathon<\/a>, Latvia, <a href=\"https:\/\/www.rauhalahtiroadrunners.com\/?p=7527\">tulokset<\/a><br \/>la 24.5.2025 klo 11:00 &#8211; 13:15 <a href=\"http:\/\/www.terwamaraton.fi\/\" target=\"_blank\" rel=\"noreferrer noopener\">Terwah\u00f6lkk\u00e4 ja -maraton<\/a> Oulussa,<a href=\"https:\/\/www.rauhalahtiroadrunners.com\/?p=7533\"> tulokset<\/a><br \/>to 29.5.2025 klo 13:00 <a href=\"http:\/\/www.rauhalahtiroadrunners.com\/kallavesj\/\" target=\"_blank\" rel=\"noreferrer noopener\">Kallavesj-Kymppi<\/a> Kylpyl\u00e4hotelli Rauhalahdessa, <a href=\"https:\/\/www.rauhalahtiroadrunners.com\/kallavesj\/?p=795\">kisaraportti<\/a><br \/>la 31.5.2025 klo 12:00 <a href=\"https:\/\/www.stockholmmarathon.se\/fin-start\/\" target=\"_blank\" rel=\"noreferrer noopener\">Tukholman maraton<\/a>, <a href=\"https:\/\/www.rauhalahtiroadrunners.com\/?p=7541\">tulokset<\/a><\/p>\r\n<!-- \/wp:paragraph -->\r\n\r\n<!-- wp:paragraph -->\r\n<p><strong>KES\u00c4KUU<\/strong><\/p>\r\n<p>la 7.6.2025 klo 08:15 <a href=\"http:\/\/www.helsinkihalfmarathon.fi\/\" target=\"_blank\" rel=\"noreferrer noopener\">Helsinki Half Marathon<\/a>, <a href=\"https:\/\/live.ultimate.dk\/desktop\/front\/index.php?eventid=6970&amp;ignoreuseragent=true\">tulokset<\/a><br \/>la 7.6.2025 klo 11:30 <a href=\"https:\/\/savonlinnacityrun.fi\/\">Savonlinna City Run<\/a>, <a href=\"https:\/\/www.rauhalahtiroadrunners.com\/?p=7551\">tulokset<\/a><br \/>ke 11.6.2025 klo 18:00 <a href=\"https:\/\/www.rauhalahtiroadrunners.com\/?page_id=7356\">Kivennavan polkujuoksu<\/a>, <a href=\"https:\/\/www.kivennapa.com\/\">Matkailukartano Kivennapa<\/a>, <a href=\"https:\/\/www.rauhalahtiroadrunners.com\/?p=7554\">kisaraportti<\/a><br \/>la 14.6.2025 klo 12:00 <a href=\"https:\/\/www.vieskamaraton.fi\/\" target=\"_blank\" rel=\"noreferrer noopener\">VieskaMaraton<\/a> Ylivieskassa, <a href=\"https:\/\/www.rauhalahtiroadrunners.com\/?p=7570\">tulokset<\/a><br \/>la 14.6.2025 klo 16:00 <a href=\"http:\/\/www.suvi-ilta.fi\/\" target=\"_blank\" rel=\"noreferrer noopener\">Forssan Suvi-Ilta<\/a>, <a href=\"https:\/\/live.ultimate.dk\/desktop\/front\/index.php?eventid=6640&amp;language=fi&amp;ignoreuseragent=true\">tulokset<\/a><br \/>pe 20.6.2025 klo 12:00 <a href=\"https:\/\/juoksija.fi\/tapahtumat\/lannen-lenkki-20-6-2025\/\" target=\"_blank\" rel=\"noreferrer noopener\">Lannen Lenkki <\/a>Saarij\u00e4rven Lannevedell\u00e4, <a href=\"https:\/\/www.rauhalahtiroadrunners.com\/?p=7575\">tulokset<\/a><\/p>\r\n<!-- \/wp:paragraph -->\r\n\r\n<!-- wp:paragraph -->\r\n<p><strong>HEIN\u00c4KUU<\/strong><\/p>\r\n<p>pe 4.7.2025 klo 18:00\/19:00\/20:00 <a href=\"https:\/\/varpaisjarvenvire.sporttisaitti.com\/?x254310=531233\" target=\"_blank\" rel=\"noreferrer noopener\" aria-label=\" (avautuu uudessa v\u00e4lilehdess\u00e4)\">Varpaisj\u00e4rven Y\u00f6juoksu<\/a>, <a href=\"https:\/\/www.rauhalahtiroadrunners.com\/?p=7593\">tulokset<\/a><br \/>pe 4.7.2025 klo 18:00 <a href=\"https:\/\/www.keuruunkisailijat.fi\/hiihto-keuruun-yomaraton\/\">Keuruun Y\u00f6maraton<\/a>, <a href=\"https:\/\/www.rauhalahtiroadrunners.com\/?p=7588\">tulokset<\/a><br \/>la 5.7.2025 klo 12:00 <a href=\"https:\/\/www.mikkelinklassikot.fi\/mikkelijuoksu\/\" target=\"_blank\" rel=\"noreferrer noopener\">Mikkeli-Juoksu<\/a>, <a href=\"https:\/\/www.rauhalahtiroadrunners.com\/?p=7599\">tulokset<\/a><br \/>la 26.7.2025 klo 13:00 <a href=\"https:\/\/juoksija.fi\/tapahtumat\/kuusaa-maraton\/\" target=\"_blank\" rel=\"noreferrer noopener\">Kuusaa Marathon<\/a>, Haapaj\u00e4rvi, Kuusaan kyl\u00e4talo, <a href=\"https:\/\/www.rauhalahtiroadrunners.com\/?p=7635\">tulokset<\/a><br \/>la 26.7.2025 <a href=\"https:\/\/www.saul.fi\/kilpailu\/saul-kilpailukalenteri\/?tapahtuma=550\">SAUL SM-viestit<\/a>, Savonlinna, <a href=\"https:\/\/www.rauhalahtiroadrunners.com\/?p=7612\">tulokset<\/a><\/p>\r\n<!-- \/wp:paragraph -->\r\n\r\n<!-- wp:paragraph \/-->\r\n\r\n<!-- wp:paragraph -->\r\n<p><strong>ELOKUU <\/strong><\/p>\r\n<p>la 2.8.2025 klo 10:00 <a href=\"http:\/\/kempelemaraton.net\/kempele-z-maraton\/\" target=\"_blank\" rel=\"noreferrer noopener\">Kempeleen Zeppelin-maraton<\/a>, <a href=\"https:\/\/www.rauhalahtiroadrunners.com\/?p=7669\">tulokset<\/a><br \/>pe-su 8.-10.8.2025 <a href=\"https:\/\/www.saul.fi\/kilpailu\/saul-kilpailukalenteri\/?tapahtuma=609\">SAUL SM-yleisurheilu<\/a>, Lahti, <a href=\"https:\/\/www.rauhalahtiroadrunners.com\/?p=7680\">tulokset<\/a><br \/>la 9.8.2025 klo 10:00 alkaen <a href=\"https:\/\/sonkasport.fi\/volokkitrail\/\">VolokkiTrail<\/a> -polkujuoksukisa Sonkaj\u00e4rvell\u00e4, <a href=\"http:\/\/www.helatulos.fi\/Kisat25\/Volokkitrail\/online.htm\">tulokset<\/a><br \/>la 9.8.2025 klo 08:00 <a href=\"https:\/\/perakylanponnistus.fi\/\">Masokistin Unelma<\/a>, Helsinki Palohein\u00e4, <a href=\"https:\/\/my.raceresult.com\/353800\/\">tulokset<\/a><br \/>la 16.8.2025 klo 11:00 alkaen <a href=\"https:\/\/endurancekainuu.fi\/raatteen-maraton\/\">Raatteen maraton<\/a> Suomussalmella, <a href=\"https:\/\/www.rauhalahtiroadrunners.com\/?p=7711\">tulokset<\/a><br \/>pe-la 15.-16.8.2025 klo 10:00 <a href=\"https:\/\/juoksuaika.fi\/paavo-nurmi-marathon\/\" target=\"_blank\" rel=\"noreferrer noopener\">Paavo Nurmi Marathon<\/a>, Turku, <a href=\"https:\/\/www.rauhalahtiroadrunners.com\/?p=7706\">tulokset<\/a><br \/>la 16.8.2025 klo 13:00 <a href=\"https:\/\/juoksija.fi\/tapahtumat\/niilon-kymppi\/\">Niilon Kymppi<\/a>, Suonenjoki, urheilukentt\u00e4, <a href=\"https:\/\/www.rauhalahtiroadrunners.com\/?p=7716\">tulokset<\/a><br \/>la 23.8.2025 klo 09:00 <a href=\"http:\/\/www.helsinkimarathon.fi\/\">Bj\u00f6rn Borg Helsinki Marathon<\/a>, <a href=\"https:\/\/www.rauhalahtiroadrunners.com\/?p=7727\">tulokset<\/a><br \/>la 23.8.2025 <a href=\"https:\/\/www.saul.fi\/kilpailu\/saul-kilpailukalenteri\/?tapahtuma=594\">SAUL SM-maantiekymppi<\/a>, Tampere, <a href=\"https:\/\/www.rauhalahtiroadrunners.com\/?p=7730\">tulokset<\/a><br \/>la 30.8.2025\u00a0 <a href=\"http:\/\/www.kuopiomaraton.com\/\" target=\"_blank\" rel=\"noreferrer noopener\">Rauhalahti Kuopio Maraton<\/a>, <a href=\"https:\/\/www.rauhalahtiroadrunners.com\/?p=7736\">kuvaraportti<\/a><br \/>su 31.8.2025 klo 11:00 <a href=\"https:\/\/tampereenmaratonklubi.info\/\" target=\"_blank\" rel=\"noreferrer noopener\">Tampere Maraton<\/a>, <a href=\"https:\/\/www.rauhalahtiroadrunners.com\/?p=7749\">tulokset<\/a><br \/>su 31.8.2025 <a href=\"https:\/\/www.tcssydneymarathon.com\/\">Sydneyn maraton<\/a> (7. major), <a href=\"https:\/\/www.multisportaustralia.com.au\/races\/sydney-marathon-2025\">tulokset<\/a><\/p>\r\n<!-- \/wp:paragraph -->\r\n\r\n<!-- wp:paragraph -->\r\n<p><strong>SYYSKUU <\/strong><\/p>\r\n<p>pe-la 5.-6.9.2025 <a href=\"http:\/\/www.finlandiamarathon.fi\/\">Finlandia Marathon<\/a> Jyv\u00e4skyl\u00e4ss\u00e4, <a href=\"https:\/\/www.rauhalahtiroadrunners.com\/?p=7785\">raportti<\/a><br \/>la 6.9.2025 <a href=\"https:\/\/finlandiamarathon.fi\/masters-em-maraton\/\">EMA EM-maraton<\/a>, Jyv\u00e4skyl\u00e4, <a href=\"https:\/\/www.rauhalahtiroadrunners.com\/?p=7785\">raportti<\/a><br \/>pe-su 12.-14.9.2025 <a href=\"https:\/\/www.jooks.ee\/en\/tallinn-marathon\/tallinna-maraton\" target=\"_blank\" rel=\"noreferrer noopener\">Tallinnan maraton<\/a>, <a href=\"https:\/\/www.rauhalahtiroadrunners.com\/?p=7811\">tulokset<\/a><br \/>la 13.9.2025 klo 12:00 <a href=\"http:\/\/www.ruskamaraton.com\" target=\"_blank\" rel=\"noreferrer noopener\">Ruskamaraton<\/a> Kittil\u00e4n Levill\u00e4, <a href=\"https:\/\/www.rauhalahtiroadrunners.com\/?p=7817\">tulokset<\/a><br \/>su 14.9.2025 klo 13:00 <a href=\"https:\/\/www.petosennallet.fi\/kutsu\/\" target=\"_blank\" rel=\"noreferrer noopener\">Petosen h\u00f6lkk\u00e4 Kuopiossa Litmasen kent\u00e4ll\u00e4<\/a>, <a href=\"https:\/\/www.rauhalahtiroadrunners.com\/?p=7826\">tulokset<\/a><br \/>la 20.9.2025 klo 11:00 <a href=\"https:\/\/karttu.sporttisaitti.com\/maakuntaviestijuoksu-20-9-2025\/\" target=\"_blank\" rel=\"noreferrer noopener\">Pohjois-Savon maakuntaviestijuoksu <\/a>, Karttula Kirkkotie 7, <a href=\"https:\/\/www.rauhalahtiroadrunners.com\/?p=7834\">tulokset<\/a><br \/>su 21.9.2025 <a href=\"https:\/\/www.bmw-berlin-marathon.com\/en\/\">Berliinin maraton<\/a>, <a href=\"https:\/\/www.rauhalahtiroadrunners.com\/?p=7839\">tulokset<\/a><br \/>la 21.9.2025 klo 10:45 alkaen <a href=\"https:\/\/joutsenonkullervo.yhdistysavain.fi\/kullervomaraton\/\">Kullervo-Maraton<\/a> Joutsenossa, <a href=\"https:\/\/www.rauhalahtiroadrunners.com\/?p=7843\">tulokset<\/a><br \/>la 27.9.2025 klo 10:30 alkaen <a href=\"https:\/\/www.joensuurun.fi\/\">Joensuu Run<\/a>, <a href=\"https:\/\/www.rauhalahtiroadrunners.com\/?p=7848\">tulokset<\/a><br \/>la 27.9.2025 klo 12:30 <a href=\"https:\/\/punkaharjunurheilijat.sporttisaitti.com\/punkaharjun-halkijuoksu\/\">Punkaharjun halkijuoksu<\/a>, <a href=\"https:\/\/www.rauhalahtiroadrunners.com\/?p=7856\">tulokset<\/a><br \/>la 27.9.2025 <a href=\"https:\/\/www.lidingoloppet.se\/\">TCS Liding\u00f6loppet<\/a>, Tukholma, <a href=\"https:\/\/www.rauhalahtiroadrunners.com\/?p=7851\">tulokset<\/a><\/p>\r\n<!-- \/wp:paragraph -->\r\n\r\n<!-- wp:paragraph -->\r\n<p><strong>LOKAKUU<\/strong><\/p>\r\n<p>pe-la 3.-4.10.2025 <a href=\"http:\/\/www.vaarojenmaraton.fi\" target=\"_blank\" rel=\"noreferrer noopener\">Vaarojen maraton<\/a> Kolilla, <a href=\"https:\/\/www.rauhalahtiroadrunners.com\/?p=7876\">tulokset<\/a><br \/>la 4.10.2025 klo 11:00 <a href=\"http:\/\/www.vantaanmaraton.net\/\" target=\"_blank\" rel=\"noreferrer noopener\">Vantaan maraton<\/a>, Tikkurilan uimahalli, <a href=\"https:\/\/online-live.tulospalvelu.fi\/tulokset-new\/fi\/2025_vantaa\/\">tulokset<\/a><br \/>la 4.10.2025 klo 11:00 <a href=\"https:\/\/www.saul.fi\/kilpailu\/saul-kilpailukalenteri\/?tapahtuma=605\">SAUL SM-maraton<\/a>, Vantaa, <a href=\"https:\/\/online-live.tulospalvelu.fi\/tulokset-new\/fi\/2025_vantaa\/\">tulokset<\/a><br \/>9.-19.10.2025 <a href=\"https:\/\/www.saul.fi\/kilpailu\/saul-kilpailukalenteri\/?tapahtuma=523\">SAUL EM-yleisurheilu<\/a>, Madeira Portugali, <a href=\"https:\/\/www.rauhalahtiroadrunners.com\/?p=7882\">tulokset<\/a><br \/>su 12.10.2025 <a href=\"https:\/\/sm-maastot2025.fi\/\">SAUL SM-maastojuoksu<\/a>, V\u00f6yri, <a href=\"https:\/\/www.rauhalahtiroadrunners.com\/?p=7886\">tulokset<\/a><br \/>su 12.10.2025 <a href=\"https:\/\/www.chicagomarathon.com\/\">Chicagon maraton<\/a>, USA<br \/>la 18.10.2025 klo 11:00 <a href=\"https:\/\/kankaanpaanmaraton.com\/\" target=\"_blank\" rel=\"noreferrer noopener\">Kankaanp\u00e4\u00e4n maraton<\/a>,<a href=\"https:\/\/www.rauhalahtiroadrunners.com\/?p=7892\"> tulokset<\/a><br \/>la 18.10.2025 <a href=\"https:\/\/esboif.fi\/fi\/solvalla-trail\/\">SAUL SM-polkujuoksu<\/a> (Solvalla Trail), Espoo, <a href=\"https:\/\/www.rauhalahtiroadrunners.com\/?p=7895\">tulokset<\/a><\/p>\r\n<!-- \/wp:paragraph -->\r\n\r\n<!-- wp:paragraph \/-->\r\n\r\n<!-- wp:paragraph -->\r\n<p><strong>MARRASKUU <\/strong><\/p>\r\n<p>su 2.11.2025\u00a0<a href=\"http:\/\/www.tcsnycmarathon.org\/\" target=\"_blank\" rel=\"noreferrer noopener\"> TCS New York City Marathon<\/a>, USA, <a href=\"https:\/\/www.rauhalahtiroadrunners.com\/?p=7910\">tulokset<\/a><br \/>la-su 15.-16.11.2025 alkaen klo 20:00 <a href=\"http:\/\/www.joensuu12h.com\/\" target=\"_blank\" rel=\"noreferrer noopener\">Joensuu Night Run 12\/6H<\/a>, <a href=\"https:\/\/my.raceresult.com\/348616\/results\">tulokset<\/a><\/p>\r\n<!-- \/wp:paragraph -->\r\n\r\n<!-- wp:paragraph -->\r\n<p><strong>JOULUKUU<\/strong><\/p>\r\n<!-- \/wp:paragraph -->\r\n\r\n<!-- wp:paragraph -->\r\n<p>la 6.12.2025 klo 09:00 alkaen <a href=\"https:\/\/kuopionreipas.fi\/itsenaisyysmaraton\/\" target=\"_blank\" rel=\"noreferrer noopener\">Itsen\u00e4isyysmaraton<\/a>, Kuopio V\u00e4in\u00f6l\u00e4nniemi, <a href=\"https:\/\/www.rauhalahtiroadrunners.com\/?p=7928\">raportti<\/a><br \/>ke 31.12.2025 klo 18:00 <a href=\"https:\/\/karttu.sporttisaitti.com\/uuden-vuoden-juoksu-31-12-2025\/\">Uudenvuodenjuoksu<\/a> (5\/2 km), Karttula, <a href=\"https:\/\/www.rauhalahtiroadrunners.com\/?p=8004\">tulokset<\/a><\/p>\r\n<!-- \/wp:paragraph -->\r\n\r\n<!-- wp:paragraph -->\r\n<p><strong>Muita linkkej\u00e4:<\/strong><\/p>\r\n<!-- \/wp:paragraph -->\r\n\r\n<!-- wp:paragraph -->\r\n<p>Juoksijalehden <a href=\"https:\/\/www.juoksija-lehti.fi\/juoksukalenteri\/\" target=\"_blank\" rel=\"noreferrer noopener\">juoksukalenteri<\/a> <a href=\"http:\/\/www.kilpailukalenteri.fi\/\" target=\"_blank\" rel=\"noreferrer noopener\">Kilpailukalenteri<\/a><\/p>\r\n<!-- \/wp:paragraph -->\r\n\r\n<!-- wp:paragraph \/-->\r\n\r\n<!-- wp:paragraph -->\r\n<p>Kommentit\/korjaukset s\u00e4hk\u00f6postiin <a href=\"mailto:kalenteri@rauhalahtiroadrunners.com\"><strong>kalenteri(at)rauhalahtiroadrunners.com<\/strong><\/a><\/p>","protected":false},"excerpt":{"rendered":"<p>JUOKSUKALENTERI 2025 P\u00e4ivitetty 31.12.2025. TAMMIKUU su 19.1.2025 Funchal Marathon, Madeira, tuloksetsu 26.1.2025 klo 9:00 Kotirataultra (1-2 x 25 km), l\u00e4ht\u00f6 Kylpyl\u00e4hotelli Rauhalahdesta, katso reitti V\u00e4n\u00e4rin ja Saaristokaupungin kautta, ilmoita tuloksesi (vain 50 km) t\u00e4nne. HELMIKUU la-su 22.-23.2.2025 15. ENDURANCE 24h, Espoo su 23.2.2025 klo 9:00 Kotirataultra (1-2 x 25 km), l\u00e4ht\u00f6 Kylpyl\u00e4hotelli Rauhalahdesta, sama reitti &#8230; <a title=\"Juoksukalenteri 2025\" class=\"read-more\" href=\"https:\/\/www.rauhalahtiroadrunners.com\/?page_id=7296\" aria-label=\"Lue lis\u00e4\u00e4 aiheesta Juoksukalenteri 2025\">Lue lis\u00e4\u00e4<\/a><\/p>\n","protected":false},"author":3,"featured_media":0,"parent":0,"menu_order":0,"comment_status":"closed","ping_status":"closed","template":"","meta":{"footnotes":""},"class_list":["post-7296","page","type-page","status-publish"],"_links":{"self":[{"href":"https:\/\/www.rauhalahtiroadrunners.com\/index.php?rest_route=\/wp\/v2\/pages\/7296","targetHints":{"allow":["GET"]}}],"collection":[{"href":"https:\/\/www.rauhalahtiroadrunners.com\/index.php?rest_route=\/wp\/v2\/pages"}],"about":[{"href":"https:\/\/www.rauhalahtiroadrunners.com\/index.php?rest_route=\/wp\/v2\/types\/page"}],"author":[{"embeddable":true,"href":"https:\/\/www.rauhalahtiroadrunners.com\/index.php?rest_route=\/wp\/v2\/users\/3"}],"replies":[{"embeddable":true,"href":"https:\/\/www.rauhalahtiroadrunners.com\/index.php?rest_route=%2Fwp%2Fv2%2Fcomments&post=7296"}],"version-history":[{"count":146,"href":"https:\/\/www.rauhalahtiroadrunners.com\/index.php?rest_route=\/wp\/v2\/pages\/7296\/revisions"}],"predecessor-version":[{"id":8006,"href":"https:\/\/www.rauhalahtiroadrunners.com\/index.php?rest_route=\/wp\/v2\/pages\/7296\/revisions\/8006"}],"wp:attachment":[{"href":"https:\/\/www.rauhalahtiroadrunners.com\/index.php?rest_route=%2Fwp%2Fv2%2Fmedia&parent=7296"}],"curies":[{"name":"wp","href":"https:\/\/api.w.org\/{rel}","templated":true}]}}