{"id":6219,"date":"2022-12-05T13:22:01","date_gmt":"2022-12-05T10:22:01","guid":{"rendered":"https:\/\/www.rauhalahtiroadrunners.com\/?page_id=6219"},"modified":"2023-12-31T21:42:33","modified_gmt":"2023-12-31T18:42:33","slug":"juoksukalenteri-2023","status":"publish","type":"page","link":"https:\/\/www.rauhalahtiroadrunners.com\/?page_id=6219","title":{"rendered":"Juoksukalenteri 2023"},"content":{"rendered":"<p><span style=\"font-size: 14pt;\"><strong>JUOKSUKALENTERI 2023<\/strong><\/span><br \/>P\u00e4ivitetty 31.12.2023<br \/>Huom! ??? = p\u00e4iv\u00e4m\u00e4\u00e4r\u00e4 ei viel\u00e4 tiedossa tai varmistettu<\/p>\r\n<p><!-- \/wp:post-content -->\r\n\r\n<!-- wp:paragraph --><\/p>\r\n<p><strong>TAMMIKUU<\/strong><br \/><br \/>su 22.1.2023 <a href=\"https:\/\/www.madeiramarathon.com\/\">Funchal Marathon<\/a>, Madeira, <a href=\"https:\/\/www.rauhalahtiroadrunners.com\/?p=6307\">tulokset<\/a><br \/>su 29.1.2023 klo 9:00 <a href=\"https:\/\/ultrafinn.fi\/juoksutapahtumat\/kotirataultra\/\" target=\"_blank\" rel=\"noreferrer noopener\" aria-label=\" (avautuu uudessa v\u00e4lilehdess\u00e4)\">Kotirataultra<\/a> (1-2 x 25 km), l\u00e4ht\u00f6 <a href=\"http:\/\/www.rauhalahti.fi\/\" target=\"_blank\" rel=\"noreferrer noopener\">Kylpyl\u00e4hotelli Rauhalahdesta<\/a>, katso <a href=\"..\/..\/2009_kotirataultrareitit.htm\" target=\"_blank\" rel=\"noreferrer noopener\">reitti<\/a> V\u00e4n\u00e4rin ja Saaristokaupungin kautta, ilmoita tuloksesi (vain 50 km) <a href=\"https:\/\/ultrafinn.fi\/juoksutapahtumat\/kotirataultra\/tulos\/\" target=\"_blank\" rel=\"noreferrer noopener\">t\u00e4nne<\/a>.<\/p>\r\n<p><!-- \/wp:paragraph -->\r\n\r\n<!-- wp:paragraph --><\/p>\r\n<p><strong>HELMIKUU<\/strong><\/p>\r\n<p><!-- \/wp:paragraph -->\r\n\r\n<!-- wp:paragraph --><\/p>\r\n<p>la-su 25.-26.2.2023 <a href=\"http:\/\/endurance.fi\/e24\/\" target=\"_blank\" rel=\"noreferrer noopener\">14. ENDURANCE 24h<\/a>, Espoo <br \/>su 26.2.2023 klo 9:00 <a href=\"https:\/\/ultrafinn.fi\/juoksutapahtumat\/kotirataultra\/\" target=\"_blank\" rel=\"noreferrer noopener\" aria-label=\" (avautuu uudessa v\u00e4lilehdess\u00e4)\">Kotirataultra<\/a> (1-2 x 25 km), l\u00e4ht\u00f6 <a href=\"http:\/\/www.rauhalahti.fi\/\" target=\"_blank\" rel=\"noreferrer noopener\">Kylpyl\u00e4hotelli Rauhalahdesta<\/a>, sama <a href=\"..\/..\/2009_kotirataultrareitit.htm\" target=\"_blank\" rel=\"noreferrer noopener\">reitti<\/a> kuin tammikuussa, ilmoita tuloksesi (vain 50 km) <a href=\"https:\/\/ultrafinn.fi\/juoksutapahtumat\/kotirataultra\/tulos\/\" target=\"_blank\" rel=\"noreferrer noopener\">t\u00e4nne<\/a><\/p>\r\n<p><!-- \/wp:paragraph -->\r\n\r\n<!-- wp:paragraph --><\/p>\r\n<p><strong>MAALISKUU<\/strong><\/p>\r\n<p>su 5.3.2023 <a href=\"https:\/\/www.marathon.tokyo\/en\/\">Tokion maraton<\/a><\/p>\r\n<p><!-- \/wp:paragraph -->\r\n\r\n<!-- wp:paragraph --><\/p>\r\n<p><strong>HUHTIKUU<\/strong><\/p>\r\n<p><!-- \/wp:paragraph -->\r\n\r\n<!-- wp:paragraph --><\/p>\r\n<p>la 1.4.2023 klo 12:00 <a href=\"https:\/\/www.rauhalahtiroadrunners.com\/?page_id=6331\" data-type=\"page\" data-id=\"5809\">Kolmen Kylpyl\u00e4n Kirmaisu<\/a>,\u00a0<a href=\"https:\/\/www.rauhalahtiroadrunners.com\/?page_id=6360\" target=\"_blank\" rel=\"noreferrer noopener\">reittikartta<\/a> (<strong>muuttunut edellisist\u00e4 vuosista<\/strong>), <a href=\"https:\/\/www.rauhalahtiroadrunners.com\/?p=6402\">kuvaraportti<\/a><br \/>ma 17.4.2023 <a href=\"http:\/\/www.baa.org\/\" target=\"_blank\" rel=\"noreferrer noopener\">Bostonin maraton<\/a>, USA<br \/>la 22.4.2023 klo 12:00 <a href=\"https:\/\/maaninganmahti.sporttisaitti.com\/yleisurheilu\/xlvi-maaninka-holkka-22-4-2023\/\">Maaninka-h\u00f6lkk\u00e4<\/a>, <a href=\"http:\/\/maaninganmahti.fi\/kisasivut\/maaninkaholkka2023.htm\">tulokset<\/a><br \/>su 23.4.2023 <a href=\"https:\/\/www.tcslondonmarathon.com\/\">Lontoon maraton<\/a><br \/>la 29.4.2023 klo 12:00 <a href=\"http:\/\/www.kyronjokimaraton.com\/\" target=\"_blank\" rel=\"noreferrer noopener\">Kyr\u00f6njoki-maraton<\/a> Ylistarossa<br \/>la 29.4.2023 klo 13:00 <a href=\"https:\/\/karttu.sporttisaitti.com\/karttulan-katujuoksu-29-4-2023\/\">Karttulan katujuoksu<\/a>, Karttula, <a href=\"https:\/\/www.rauhalahtiroadrunners.com\/?p=6429\">tulokset<\/a><\/p>\r\n<p><!-- \/wp:paragraph -->\r\n\r\n<!-- wp:paragraph --><\/p>\r\n<p><strong>TOUKOKUU<\/strong><br \/><br \/>la 13.5.2023 klo 14:30 <a href=\"http:\/\/www.helsinkicityrun.fi\/\" target=\"_blank\" rel=\"noreferrer noopener\">Helsinki City Run<\/a>, <a href=\"https:\/\/www.rauhalahtiroadrunners.com\/?p=6435\">tulokset<\/a><br \/>la 13.5.2023 klo 9:30 <a href=\"http:\/\/www.helsinkicitymarathon.fi\/\">Helsinki City Marathon<\/a>, <a href=\"https:\/\/www.rauhalahtiroadrunners.com\/?p=6435\">tulokset<\/a><br \/>to 18.5.2023 klo 13:00 <a href=\"http:\/\/www.rauhalahtiroadrunners.com\/kallavesj\/\" target=\"_blank\" rel=\"noreferrer noopener\">Kallavesj-Kymppi<\/a> Kylpyl\u00e4hotelli Rauhalahdessa, <a href=\"https:\/\/www.rauhalahtiroadrunners.com\/kallavesj\/?p=700\">kisaraportti<\/a><br \/>la 20.5.2023 klo 11:00 &amp; 13:00 <a href=\"http:\/\/www.terwamaraton.fi\/\" target=\"_blank\" rel=\"noreferrer noopener\">Terwah\u00f6lkk\u00e4 ja -maraton<\/a> Oulussa<br \/>su 21.5.2023 klo 12:30 <a href=\"https:\/\/www.kuopionseurakunnat.fi\/alavarun?fbclid=IwAR3aElV_ZyI0Zsp5Epk2QUOO--3G6rFqk8Ttl6D7TxJzn_UWTzRBSfpnvUk\">AlavaRun<\/a>, Kuopio<br \/>la 27.5.2023 klo 10:00 alkaen <a href=\"https:\/\/www.joensuurun.fi\/\">Joensuu Run<\/a>, <a href=\"https:\/\/www.rauhalahtiroadrunners.com\/?p=6449\">tulokset<\/a><br \/>la 27.5.2023 klo 12:30 alkaen <a href=\"http:\/\/www.helsinkispringmarathon.net\/etusivu\">Helsinki Spring Marathon<\/a>, <a href=\"https:\/\/www.rauhalahtiroadrunners.com\/?p=6446\">tulokset<\/a><br \/>la 27.5.2023 klo 15:00 <a href=\"https:\/\/www.saul.fi\/kilpailu\/saul-kilpailukalenteri\/?tapahtuma=456\">SAUL SM-puolimaraton<\/a>, Helsinki, <a href=\"https:\/\/www.rauhalahtiroadrunners.com\/?p=6446\">tulokset<\/a><\/p>\r\n<p><!-- \/wp:paragraph -->\r\n\r\n<!-- wp:paragraph --><\/p>\r\n<p><strong>KES\u00c4KUU<\/strong><br \/><br \/>la 3.6.2023 klo 12:00 <a href=\"https:\/\/www.stockholmmarathon.se\/fin-start\/\" target=\"_blank\" rel=\"noreferrer noopener\">Tukholman maraton<\/a>, <a href=\"https:\/\/www.rauhalahtiroadrunners.com\/?p=6453\">tulokset<\/a><br \/>la 10.6.2023 klo 08:15 <a href=\"http:\/\/www.helsinkihalfmarathon.fi\/\" target=\"_blank\" rel=\"noreferrer noopener\">Helsinki Half Marathon<\/a>, <a href=\"https:\/\/www.rauhalahtiroadrunners.com\/?p=6473\">tulokset<\/a><br \/>la 10.6.2023 klo 13:00 <a href=\"https:\/\/varkkv.fi\/varkauspuolikas\" target=\"_blank\" rel=\"noreferrer noopener\">Varkaus Puolikas<\/a>, <a href=\"https:\/\/www.rauhalahtiroadrunners.com\/?p=6479\">tulokset<\/a><br \/>la 10.6.2023 klo 11:30 <a href=\"https:\/\/savonlinnacityrun.fi\/\">Savonlinna City Run<\/a>, <a href=\"https:\/\/www.rauhalahtiroadrunners.com\/?p=6476\">tulokset<\/a><br \/>pe-su 16.-18.6.2023 <a href=\"https:\/\/www.saul.fi\/kilpailu\/saul-kilpailukalenteri\/?tapahtuma=453\">SAUL yleisurheilun SM-kilpailut<\/a>, Kuopio, <a href=\"https:\/\/www.rauhalahtiroadrunners.com\/?p=6485\">tulokset ja kuvat<\/a><br \/>la 17.6.2023 klo 12:00 <a href=\"https:\/\/www.vieskamaraton.fi\/\" target=\"_blank\" rel=\"noreferrer noopener\">VieskaMaraton<\/a> Ylivieskassa, <a href=\"http:\/\/www.helatulos.fi\/Kisat23\/VM23\/VM2023Tulos.htm\">tulokset<\/a><br \/>la 17.6.2023 klo 16:00 <a href=\"http:\/\/www.suvi-ilta.fi\/\" target=\"_blank\" rel=\"noreferrer noopener\">Forssan Suvi-Ilta<\/a>, <a href=\"https:\/\/www.rauhalahtiroadrunners.com\/?p=6496\">tulokset<\/a><br \/>pe 23.6.2023 klo 12:00 <a href=\"http:\/\/www.lannevesi.fi\/kiimasen-savulenkki\/\" target=\"_blank\" rel=\"noreferrer noopener\">Kiimasen Savulenkki <\/a>Saarij\u00e4rven Lannevedell\u00e4, <a href=\"https:\/\/www.rauhalahtiroadrunners.com\/?p=6504\">tulokset<\/a><br \/><br \/><\/p>\r\n<p><!-- \/wp:paragraph -->\r\n\r\n<!-- wp:paragraph --><\/p>\r\n<p><strong>HEIN\u00c4KUU<\/strong><\/p>\r\n<p>pe 7.7.2023 klo 18:00\/19:00\/20:00 <a href=\"https:\/\/www.facebook.com\/XxvVarpaisjarvenYomaraton?__cft__[0]=AZU0Go9qfqMkIg9RB-I-l8x6rWzWIDUzFmt34aYBJ-ovLz-d3l8jMR7SZ4PYvqLPs6XcgBIyA8t7-bOXG6m7eA4FjKA5Pl3ONjS0Ywav_GDFRQ7st53djv8MhpWivz0c8VU&amp;__tn__=-UC%2CP-R\" target=\"_blank\" rel=\"noreferrer noopener\" aria-label=\" (avautuu uudessa v\u00e4lilehdess\u00e4)\">Varpaisj\u00e4rven Y\u00f6juoksu<\/a>, <a href=\"https:\/\/www.rauhalahtiroadrunners.com\/?p=6515\">tulokset<\/a><br \/>pe 7.7.2023 klo 18:00 <a href=\"https:\/\/www.keuruunkisailijat.fi\/hiihto\/hiihto-keuruun-yomaraton\/\">Keuruun Y\u00f6maraton<\/a>, <a href=\"https:\/\/www.rauhalahtiroadrunners.com\/?p=6518\">tulokset<\/a><br \/>la 8.7.2023 klo 12:00 <a href=\"https:\/\/www.mikkelinklassikot.fi\/mikkelijuoksu\/\" target=\"_blank\" rel=\"noreferrer noopener\">Mikkeli Juoksu<\/a>, <a href=\"https:\/\/www.rauhalahtiroadrunners.com\/?p=6521\">tulokset ja kuvia<\/a><br \/>la 29.7.2023 klo 13:00 <a href=\"http:\/\/kuusaa.com\/maraton\/\" target=\"_blank\" rel=\"noreferrer noopener\">Kuusaa Marathon<\/a>, Haapaj\u00e4rvi, Kuusaan kyl\u00e4talo, <a href=\"https:\/\/www.rauhalahtiroadrunners.com\/?p=6536\">tulokset<\/a><\/p>\r\n<p><!-- \/wp:paragraph -->\r\n\r\n<!-- wp:paragraph \/-->\r\n\r\n<!-- wp:paragraph --><\/p>\r\n<p><strong>ELOKUU<br \/><\/strong><br \/>la 5.8.2023 klo 10:00 <a href=\"http:\/\/kempelemaraton.net\/kempele-z-maraton\/\" target=\"_blank\" rel=\"noreferrer noopener\">Kempele-maraton<\/a>, <a href=\"https:\/\/www.rauhalahtiroadrunners.com\/?p=6543\">tulokset<\/a><br \/>la 12.8.2023 klo 08:00 <a href=\"https:\/\/www.perakylanponnistus.fi\/kilpailut\/unelma.php\">Masokistin Unelma<\/a>, Helsinki Palohein\u00e4<br \/>la 12.8.2023 klo 11:00 alkaen <a href=\"https:\/\/raatteenmaraton.endurancekainuu.fi\/fi\/\">Raatteen maraton<\/a> Suomussalmella, <a href=\"https:\/\/www.rauhalahtiroadrunners.com\/?p=6558\">tulokset<\/a><br \/>la 19.8.2023 klo 10:00 <a href=\"http:\/\/paavonurmimarathon.fi\/\" target=\"_blank\" rel=\"noreferrer noopener\">Paavo Nurmi Marathon<\/a>, Turku, <a href=\"https:\/\/live.ultimate.dk\/desktop\/front\/index.php?eventid=5738&amp;language=fi&amp;ignoreuseragent=true\">tulokset<\/a><br \/>la 19.8.2023 klo 09:00 <a href=\"http:\/\/www.helsinkimarathon.fi\/\">Helsinki Marathon<\/a>, <a href=\"https:\/\/www.rauhalahtiroadrunners.com\/?p=6562\">tulokset<\/a><br \/>la 26.8.2023 klo 13:00 <a href=\"https:\/\/juoksija.fi\/tapahtumat\/niilon-kymppi-3\/\">Niilon Kymppi<\/a>, Suonenjoki, urheilukentt\u00e4, <a href=\"https:\/\/www.rauhalahtiroadrunners.com\/?p=6567\">tulokset<\/a><br \/>la 26.8.2023 SAUL SM-maantiekymppi, Tornio, <a href=\"https:\/\/www.rauhalahtiroadrunners.com\/?p=6570\">tulokset<\/a><br \/>la 26.8.2023 <a href=\"https:\/\/www.puijonmahti.fi\/puijo-outdoor-day-puijo-trail\/\">Puijo Outdoor Day \/ Puijo Trail<\/a><br \/>su 27.8.2023 klo 11:00 <a href=\"https:\/\/tampereenmaratonklubi.info\/\" target=\"_blank\" rel=\"noreferrer noopener\">Tampere Maraton<\/a><\/p>\r\n<p><!-- \/wp:paragraph -->\r\n\r\n<!-- wp:paragraph --><\/p>\r\n<p><strong>SYYSKUU<br \/><\/strong><br \/>la 2.9.2023\u00a0 <a href=\"http:\/\/www.kuopiomaraton.com\/\" target=\"_blank\" rel=\"noreferrer noopener\">Kuopio Maraton<\/a>, <a href=\"https:\/\/www.rauhalahtiroadrunners.com\/?p=6577\">tulokset ja kuvat<\/a><br \/>la 9.9.2023 klo 12:00 <a href=\"http:\/\/www.ruskamaraton.com\" target=\"_blank\" rel=\"noreferrer noopener\">Ruskamaraton<\/a> Kittil\u00e4n Levill\u00e4, <a href=\"https:\/\/my.raceresult.com\/225184\/results\">tulokset<\/a><br \/>pe-su 8.-10.9.2023 <a href=\"https:\/\/www.jooks.ee\/et\/tallinna-maraton\" target=\"_blank\" rel=\"noreferrer noopener\">Tallinnan maraton<\/a>, <a href=\"https:\/\/www.rauhalahtiroadrunners.com\/?p=6585\">tulokset<\/a><br \/>pe-la 15.-16.9.2023 klo 10:30 alkaen <a href=\"http:\/\/www.finlandiamarathon.fi\/\">Finlandia Marathon<\/a> Jyv\u00e4skyl\u00e4ss\u00e4, <a href=\"https:\/\/www.rauhalahtiroadrunners.com\/?p=6601\">tulokset<\/a><br \/>su 17.9.2023 klo 13:00 <a href=\"https:\/\/www.petosennallet.fi\/kutsu\/\" target=\"_blank\" rel=\"noreferrer noopener\">Petosen h\u00f6lkk\u00e4 Kuopiossa Litmasen kent\u00e4ll\u00e4<\/a>, <a href=\"https:\/\/www.rauhalahtiroadrunners.com\/?p=6619\">tulokset<\/a><br \/>su 24.9.2023 klo 12:00 <a href=\"https:\/\/www.rauhalahtiroadrunners.com\/?page_id=6573\">Voivakka-juoksu<\/a> Lepp\u00e4virralla, Kotalahti-talo, <a href=\"https:\/\/www.rauhalahtiroadrunners.com\/?p=6627\">kuvaraportti<\/a><br \/>su 24.9.2023 <a href=\"https:\/\/www.bmw-berlin-marathon.com\/en\/\">Berliinin maraton<\/a>, <a href=\"https:\/\/www.rauhalahtiroadrunners.com\/?p=6631\">tulokset<\/a><br \/>la 30.9.2023 klo 11:00 <a href=\"https:\/\/karttu.sporttisaitti.com\/maakuntaviestijuoksu-30-9-2023\/\" target=\"_blank\" rel=\"noreferrer noopener\">Pohjois-Savon maakuntaviestijuoksu <\/a>Karttulassa, <a href=\"https:\/\/www.rauhalahtiroadrunners.com\/?p=6648\">tulokset<\/a><br \/><br \/><\/p>\r\n<p><!-- \/wp:paragraph -->\r\n\r\n<!-- wp:paragraph --><\/p>\r\n<p><strong>LOKAKUU<\/strong><\/p>\r\n<p>su 1.10.2023 klo 09:00 alkaen\u00a0<a href=\"http:\/\/www.maraton.osmotex.com\/osh\/info.html\" target=\"_blank\" rel=\"noreferrer noopener\"> Osmon Superh\u00f6lkk\u00e4 ja Maraton <\/a>Pieks\u00e4m\u00e4ell\u00e4, <a href=\"https:\/\/www.rauhalahtiroadrunners.com\/?p=6654\">tulokset<\/a><br \/>pe-la 6.-7.10.2023 <a href=\"http:\/\/www.vaarojenmaraton.fi\" target=\"_blank\" rel=\"noreferrer noopener\">Vaarojen maraton<\/a> Kolilla, <a href=\"https:\/\/www.rauhalahtiroadrunners.com\/?p=6658\">tuloksia<\/a><br \/>su 8.10.2023 <a href=\"https:\/\/www.chicagomarathon.com\/\">Chicagon maraton<\/a>, USA, <a href=\"https:\/\/www.rauhalahtiroadrunners.com\/?p=6661\">tulosraportti<\/a><br \/>la 14.10.2023 klo 11:00 <a href=\"http:\/\/www.vantaanmaraton.net\/\" target=\"_blank\" rel=\"noreferrer noopener\">Vantaan maraton<\/a>, Tikkurilan uimahalli, <a href=\"https:\/\/www.rauhalahtiroadrunners.com\/?p=6668\">tulokset<\/a><br \/>la 14.10.2023 <a href=\"https:\/\/www.saul.fi\/kilpailu\/saul-kilpailukalenteri\/?tapahtuma=481\">SAUL SM-maraton<\/a>, Vantaa, <a href=\"https:\/\/www.rauhalahtiroadrunners.com\/?p=6668\">tulokset<\/a><br \/>la 21.10.2023 klo 11:00 <a href=\"https:\/\/kankaanpaanmaraton.com\/18-kankaanpaa-maraton-21-10\/?_ga=2.167531710.1872293030.1678958918-993863784.1678958918\" target=\"_blank\" rel=\"noreferrer noopener\">Kankaanp\u00e4\u00e4n maraton<\/a>, <a href=\"https:\/\/www.rauhalahtiroadrunners.com\/?p=6708\">tulokset<\/a><br \/><br \/><\/p>\r\n<p><!-- \/wp:paragraph -->\r\n\r\n<!-- wp:paragraph \/-->\r\n\r\n<!-- wp:paragraph --><\/p>\r\n<p><strong>MARRASKUU<br \/><\/strong><br \/>su 5.11.2023\u00a0<a href=\"http:\/\/www.tcsnycmarathon.org\/\" target=\"_blank\" rel=\"noreferrer noopener\"> TCS New York City Marathon<\/a>, USA<br \/>la-su 18.-19.11.2023 alkaen klo 20:00 <a href=\"http:\/\/www.joensuu12h.com\/\" target=\"_blank\" rel=\"noreferrer noopener\">Joensuu Night Run 12\/6H<\/a>, <a href=\"https:\/\/my.raceresult.com\/250967\/live\">tulokset<\/a><br \/>su 19.11.2023 <a href=\"https:\/\/grancanaria-maspalomasmarathon.com\/en\/marathon\/\">Gran Canaria Maspalomas Marathon<\/a>, <a href=\"https:\/\/www.rauhalahtiroadrunners.com\/?p=6763\">tulokset<\/a><\/p>\r\n<p><!-- \/wp:paragraph -->\r\n\r\n<!-- wp:paragraph --><\/p>\r\n<p><strong>JOULUKUU<\/strong><\/p>\r\n<p><!-- \/wp:paragraph -->\r\n\r\n<!-- wp:paragraph --><\/p>\r\n<p>ke 6.12.2023 klo 09:00 alkaen <a href=\"https:\/\/www.kuopionreipas.fi\/kilpailut-ja-tapahtumat\/42-itsenaisyysmaraton-6-12-2023\/\" target=\"_blank\" rel=\"noreferrer noopener\">Itsen\u00e4isyysmaraton<\/a> Kuopiossa, <a href=\"https:\/\/www.rauhalahtiroadrunners.com\/?p=6775\">raportti<\/a><br \/>su 31.12.2023 klo 18:00 <a href=\"https:\/\/juoksija.fi\/tapahtumat\/karttulan-uudenvuodenjuoksu-4\/\">Uudenvuodenjuoksu<\/a>, Karttula, <a href=\"https:\/\/www.rauhalahtiroadrunners.com\/?p=6821\">tulokset<\/a><\/p>\r\n<p><!-- \/wp:paragraph -->\r\n\r\n<!-- wp:paragraph --><\/p>\r\n<p><strong>Muita linkkej\u00e4:<\/strong><\/p>\r\n<p><!-- \/wp:paragraph -->\r\n\r\n<!-- wp:paragraph --><\/p>\r\n<p>Juoksijalehden <a href=\"https:\/\/www.juoksija-lehti.fi\/juoksukalenteri\/\" target=\"_blank\" rel=\"noreferrer noopener\">juoksukalenteri<\/a><br \/><a href=\"http:\/\/www.kilpailukalenteri.fi\/\" target=\"_blank\" rel=\"noreferrer noopener\">Kilpailukalenteri<\/a><\/p>\r\n<p><!-- \/wp:paragraph -->\r\n\r\n<!-- wp:paragraph --><\/p>\r\n<p><strong>Vanhat juoksukalenterit<\/strong>: <a href=\"http:\/\/www.rauhalahtiroadrunners.com\/?page_id=259\" target=\"_blank\" rel=\"noreferrer noopener\">2007<\/a>, <a href=\"http:\/\/www.rauhalahtiroadrunners.com\/?page_id=244\" target=\"_blank\" rel=\"noreferrer noopener\">2008<\/a>, <a href=\"http:\/\/www.rauhalahtiroadrunners.com\/?page_id=238\" target=\"_blank\" rel=\"noreferrer noopener\">2009<\/a>, <a href=\"http:\/\/www.rauhalahtiroadrunners.com\/?page_id=235\" target=\"_blank\" rel=\"noreferrer noopener\">2010<\/a>, <a href=\"http:\/\/www.rauhalahtiroadrunners.com\/?page_id=218\">2011<\/a>, <a href=\"http:\/\/www.rauhalahtiroadrunners.com\/?page_id=412\">2012<\/a>, <a href=\"http:\/\/www.rauhalahtiroadrunners.com\/?page_id=975\">2013<\/a>, <a href=\"http:\/\/www.rauhalahtiroadrunners.com\/?page_id=1349\">2014<\/a>, <a href=\"http:\/\/www.rauhalahtiroadrunners.com\/?page_id=1848\" target=\"_blank\" rel=\"noreferrer noopener\">2015<\/a>, <a href=\"http:\/\/www.rauhalahtiroadrunners.com\/?page_id=2438\">2016<\/a>, <a href=\"http:\/\/www.rauhalahtiroadrunners.com\/?page_id=2901\">2017<\/a>, <a href=\"http:\/\/www.rauhalahtiroadrunners.com\/?page_id=3418\">2018<\/a>, <a href=\"https:\/\/www.rauhalahtiroadrunners.com\/?page_id=3902\">2019<\/a>, <a href=\"https:\/\/www.rauhalahtiroadrunners.com\/?page_id=4340\">2020<\/a>, <a href=\"https:\/\/www.rauhalahtiroadrunners.com\/?page_id=5294\" data-type=\"page\" data-id=\"5294\">2021<\/a>, <a href=\"https:\/\/www.rauhalahtiroadrunners.com\/?page_id=5779\">2022<\/a><\/p>\r\n<p><!-- \/wp:paragraph -->\r\n\r\n<!-- wp:paragraph --><\/p>\r\n<p>Kommentit\/korjaukset s\u00e4hk\u00f6postiin <a href=\"mailto:kalenteri@rauhalahtiroadrunners.com\"><strong>kalenteri(at)rauhalahtiroadrunners.com<\/strong><\/a><\/p>","protected":false},"excerpt":{"rendered":"<p>JUOKSUKALENTERI 2023P\u00e4ivitetty 31.12.2023Huom! ??? = p\u00e4iv\u00e4m\u00e4\u00e4r\u00e4 ei viel\u00e4 tiedossa tai varmistettu TAMMIKUU su 22.1.2023 Funchal Marathon, Madeira, tuloksetsu 29.1.2023 klo 9:00 Kotirataultra (1-2 x 25 km), l\u00e4ht\u00f6 Kylpyl\u00e4hotelli Rauhalahdesta, katso reitti V\u00e4n\u00e4rin ja Saaristokaupungin kautta, ilmoita tuloksesi (vain 50 km) t\u00e4nne. HELMIKUU la-su 25.-26.2.2023 14. ENDURANCE 24h, Espoo su 26.2.2023 klo 9:00 Kotirataultra (1-2 x &#8230; <a title=\"Juoksukalenteri 2023\" class=\"read-more\" href=\"https:\/\/www.rauhalahtiroadrunners.com\/?page_id=6219\" aria-label=\"Lue lis\u00e4\u00e4 aiheesta Juoksukalenteri 2023\">Lue lis\u00e4\u00e4<\/a><\/p>\n","protected":false},"author":3,"featured_media":0,"parent":0,"menu_order":0,"comment_status":"closed","ping_status":"closed","template":"","meta":{"footnotes":""},"class_list":["post-6219","page","type-page","status-publish"],"_links":{"self":[{"href":"https:\/\/www.rauhalahtiroadrunners.com\/index.php?rest_route=\/wp\/v2\/pages\/6219","targetHints":{"allow":["GET"]}}],"collection":[{"href":"https:\/\/www.rauhalahtiroadrunners.com\/index.php?rest_route=\/wp\/v2\/pages"}],"about":[{"href":"https:\/\/www.rauhalahtiroadrunners.com\/index.php?rest_route=\/wp\/v2\/types\/page"}],"author":[{"embeddable":true,"href":"https:\/\/www.rauhalahtiroadrunners.com\/index.php?rest_route=\/wp\/v2\/users\/3"}],"replies":[{"embeddable":true,"href":"https:\/\/www.rauhalahtiroadrunners.com\/index.php?rest_route=%2Fwp%2Fv2%2Fcomments&post=6219"}],"version-history":[{"count":103,"href":"https:\/\/www.rauhalahtiroadrunners.com\/index.php?rest_route=\/wp\/v2\/pages\/6219\/revisions"}],"predecessor-version":[{"id":6824,"href":"https:\/\/www.rauhalahtiroadrunners.com\/index.php?rest_route=\/wp\/v2\/pages\/6219\/revisions\/6824"}],"wp:attachment":[{"href":"https:\/\/www.rauhalahtiroadrunners.com\/index.php?rest_route=%2Fwp%2Fv2%2Fmedia&parent=6219"}],"curies":[{"name":"wp","href":"https:\/\/api.w.org\/{rel}","templated":true}]}}