{"id":5006,"date":"2020-06-10T15:24:53","date_gmt":"2020-06-10T12:24:53","guid":{"rendered":"https:\/\/www.rauhalahtiroadrunners.com\/?page_id=5006"},"modified":"2020-12-30T15:53:28","modified_gmt":"2020-12-30T13:53:28","slug":"valokuvat-2020","status":"publish","type":"page","link":"https:\/\/www.rauhalahtiroadrunners.com\/?page_id=5006","title":{"rendered":"Valokuvat 2020"},"content":{"rendered":"\n<p><br><a href=\"https:\/\/www.rauhalahtiroadrunners.com\/?page_id=5022\">Karttulan katujuoksu 6.6<\/a><\/p>\n\n\n\n<p><a href=\"https:\/\/www.rauhalahtiroadrunners.com\/?page_id=5009\">Kes\u00e4n 2020 yhteistreenit V\u00e4in\u00f6l\u00e4nniemell\u00e4<\/a><\/p>\n\n\n\n<p><a href=\"https:\/\/www.rauhalahtiroadrunners.com\/?p=5045\">Lepp\u00e4virran Juhannuskisat 21.6<\/a><\/p>\n\n\n\n<p>23.7.2020 <a href=\"https:\/\/www.rauhalahtiroadrunners.com\/?p=5090\">Kivennavan Kierto<\/a><\/p>\n\n\n\n<p>13.9.2020 <a href=\"https:\/\/www.rauhalahtiroadrunners.com\/?p=5157\">Petosen h\u00f6lkk\u00e4<\/a><\/p>\n\n\n\n<p>19.9.2020 <a href=\"https:\/\/www.rauhalahtiroadrunners.com\/?p=5169\">SAUL SM-maraton<\/a> Jyv\u00e4skyl\u00e4ss\u00e4<\/p>\n\n\n\n<p>20.9.2020 <a href=\"https:\/\/www.rauhalahtiroadrunners.com\/?p=5173\">Voivakka-juoksu<\/a> Lepp\u00e4virralla<\/p>\n\n\n\n<p>29.12.2020 <a href=\"https:\/\/www.rauhalahtiroadrunners.com\/?p=5344\">Cooperin testi<\/a> Kuopiohallissa<\/p>\n","protected":false},"excerpt":{"rendered":"<p>Karttulan katujuoksu 6.6 Kes\u00e4n 2020 yhteistreenit V\u00e4in\u00f6l\u00e4nniemell\u00e4 Lepp\u00e4virran Juhannuskisat 21.6 23.7.2020 Kivennavan Kierto 13.9.2020 Petosen h\u00f6lkk\u00e4 19.9.2020 SAUL SM-maraton Jyv\u00e4skyl\u00e4ss\u00e4 20.9.2020 Voivakka-juoksu Lepp\u00e4virralla 29.12.2020 Cooperin testi Kuopiohallissa<\/p>\n","protected":false},"author":5,"featured_media":0,"parent":0,"menu_order":0,"comment_status":"closed","ping_status":"closed","template":"","meta":{"footnotes":""},"class_list":["post-5006","page","type-page","status-publish"],"_links":{"self":[{"href":"https:\/\/www.rauhalahtiroadrunners.com\/index.php?rest_route=\/wp\/v2\/pages\/5006","targetHints":{"allow":["GET"]}}],"collection":[{"href":"https:\/\/www.rauhalahtiroadrunners.com\/index.php?rest_route=\/wp\/v2\/pages"}],"about":[{"href":"https:\/\/www.rauhalahtiroadrunners.com\/index.php?rest_route=\/wp\/v2\/types\/page"}],"author":[{"embeddable":true,"href":"https:\/\/www.rauhalahtiroadrunners.com\/index.php?rest_route=\/wp\/v2\/users\/5"}],"replies":[{"embeddable":true,"href":"https:\/\/www.rauhalahtiroadrunners.com\/index.php?rest_route=%2Fwp%2Fv2%2Fcomments&post=5006"}],"version-history":[{"count":8,"href":"https:\/\/www.rauhalahtiroadrunners.com\/index.php?rest_route=\/wp\/v2\/pages\/5006\/revisions"}],"predecessor-version":[{"id":5346,"href":"https:\/\/www.rauhalahtiroadrunners.com\/index.php?rest_route=\/wp\/v2\/pages\/5006\/revisions\/5346"}],"wp:attachment":[{"href":"https:\/\/www.rauhalahtiroadrunners.com\/index.php?rest_route=%2Fwp%2Fv2%2Fmedia&parent=5006"}],"curies":[{"name":"wp","href":"https:\/\/api.w.org\/{rel}","templated":true}]}}