{"id":4664,"date":"2020-02-21T20:10:26","date_gmt":"2020-02-21T18:10:26","guid":{"rendered":"http:\/\/www.rauhalahtiroadrunners.com\/?page_id=4664"},"modified":"2024-12-31T01:18:56","modified_gmt":"2024-12-30T22:18:56","slug":"rrr-vuoden-runneri","status":"publish","type":"page","link":"https:\/\/www.rauhalahtiroadrunners.com\/?page_id=4664","title":{"rendered":"RRRry-Vuoden Runneri"},"content":{"rendered":"\r\n<p><strong>Vuoden Runneri<\/strong> ja oheisen kiertopalkinnon saaja on valittu vuosittain RRR:n toiminnan alusta l\u00e4htien. Valinnasta ja sen kriteereist\u00e4 on vastannut <strong>Ari J\u00e4rvel\u00e4inen<\/strong>. Valinnalla ei ole mit\u00e4\u00e4n tekemist\u00e4 juoksumeriittien kanssa, vaan se on my\u00f6nnetty muista ansioista tai maineteoista.<\/p>\r\n\r\n\r\n\r\n<p><strong>Vuoden Runneri on valittu seuraavasti:<\/strong><\/p>\r\n\r\n\r\n\r\n<p>1997\u00a0\u00a0\u00a0 Juha Poutanen<br \/>1998\u00a0\u00a0\u00a0 Teija Strandman<br \/>1999\u00a0\u00a0\u00a0 Pauli Huttunen<br \/>2000\u00a0\u00a0\u00a0 Matti Siltanen<br \/>2001\u00a0\u00a0\u00a0 Kirsti Tuomainen<br \/>2002\u00a0\u00a0\u00a0 Merja Korhonen<br \/>2003\u00a0\u00a0\u00a0 Paavo Tuppurainen<br \/>2004\u00a0\u00a0\u00a0 Hannu Kauppinen<br \/>2005\u00a0\u00a0\u00a0 Sisko Maukonen<br \/>2006\u00a0\u00a0\u00a0 Markku Rantama<br \/>2007\u00a0\u00a0\u00a0 Veijo Tolonen<br \/>2008\u00a0\u00a0\u00a0 Riitta Heikkonen<br \/>2009\u00a0\u00a0\u00a0 Markus Karjalainen<br \/>2010\u00a0\u00a0\u00a0 Irja Hynynen<br \/>2011\u00a0\u00a0\u00a0 Maakuntaviestijuoksun naisveteraanijuokkueemme: Marjatta, Elizabeth, Elina ja Ritva<br \/>2012 Kristiina Halonen<br \/>2013 Eka Partanen ja Helena Aronen<br \/>2014 Raija Suihkonen<br \/>2015 Matti Tiilikainen<br \/>2016 Juha Tuononen<br \/>2017 Harri Parkkonen<br \/>2018 Heta Nyk\u00e4nen<br \/>2019 Jami Tirkkonen<br \/>2020 Tenho Isola<br \/>2021 Elina Mykk\u00e4nen<br \/>2022 Riikka Burke<br \/>2023 Jaana Holmstr\u00f6m<br \/>2024 Pia Ross<\/p>\r\n\r\n\r\n\r\n<figure class=\"wp-block-image size-large\"><img loading=\"lazy\" decoding=\"async\" width=\"329\" height=\"600\" class=\"wp-image-4667 aligncenter\" src=\"https:\/\/www.rauhalahtiroadrunners.com\/wordpress_rrr\/wp-content\/uploads\/2020\/02\/kiertopalkinto.jpg\" alt=\"\" srcset=\"https:\/\/www.rauhalahtiroadrunners.com\/wordpress_rrr\/wp-content\/uploads\/2020\/02\/kiertopalkinto.jpg 329w, https:\/\/www.rauhalahtiroadrunners.com\/wordpress_rrr\/wp-content\/uploads\/2020\/02\/kiertopalkinto-165x300.jpg 165w\" sizes=\"auto, (max-width: 329px) 100vw, 329px\" \/><br \/>\u00a0 \u00a0 \u00a0 \u00a0 \u00a0 \u00a0 \u00a0 \u00a0 \u00a0 \u00a0 \u00a0 \u00a0 \u00a0 \u00a0 \u00a0 \u00a0 \u00a0 \u00a0 \u00a0 \u00a0 \u00a0 \u00a0 \u00a0 \u00a0 \u00a0 \u00a0 \u00a0 \u00a0 \u00a0 \u00a0 \u00a0 \u00a0 \u00a0 \u00a0 \u00a0 \u00a0 \u00a0 \u00a0 \u00a0 \u00a0Kiertopalkinto<\/figure>\r\n","protected":false},"excerpt":{"rendered":"<p>Vuoden Runneri ja oheisen kiertopalkinnon saaja on valittu vuosittain RRR:n toiminnan alusta l\u00e4htien. Valinnasta ja sen kriteereist\u00e4 on vastannut Ari J\u00e4rvel\u00e4inen. Valinnalla ei ole mit\u00e4\u00e4n tekemist\u00e4 juoksumeriittien kanssa, vaan se on my\u00f6nnetty muista ansioista tai maineteoista. Vuoden Runneri on valittu seuraavasti: 1997\u00a0\u00a0\u00a0 Juha Poutanen1998\u00a0\u00a0\u00a0 Teija Strandman1999\u00a0\u00a0\u00a0 Pauli Huttunen2000\u00a0\u00a0\u00a0 Matti Siltanen2001\u00a0\u00a0\u00a0 Kirsti Tuomainen2002\u00a0\u00a0\u00a0 Merja Korhonen2003\u00a0\u00a0\u00a0 Paavo &#8230; <a title=\"RRRry-Vuoden Runneri\" class=\"read-more\" href=\"https:\/\/www.rauhalahtiroadrunners.com\/?page_id=4664\" aria-label=\"Lue lis\u00e4\u00e4 aiheesta RRRry-Vuoden Runneri\">Lue lis\u00e4\u00e4<\/a><\/p>\n","protected":false},"author":3,"featured_media":0,"parent":0,"menu_order":0,"comment_status":"closed","ping_status":"closed","template":"","meta":{"footnotes":""},"class_list":["post-4664","page","type-page","status-publish"],"_links":{"self":[{"href":"https:\/\/www.rauhalahtiroadrunners.com\/index.php?rest_route=\/wp\/v2\/pages\/4664","targetHints":{"allow":["GET"]}}],"collection":[{"href":"https:\/\/www.rauhalahtiroadrunners.com\/index.php?rest_route=\/wp\/v2\/pages"}],"about":[{"href":"https:\/\/www.rauhalahtiroadrunners.com\/index.php?rest_route=\/wp\/v2\/types\/page"}],"author":[{"embeddable":true,"href":"https:\/\/www.rauhalahtiroadrunners.com\/index.php?rest_route=\/wp\/v2\/users\/3"}],"replies":[{"embeddable":true,"href":"https:\/\/www.rauhalahtiroadrunners.com\/index.php?rest_route=%2Fwp%2Fv2%2Fcomments&post=4664"}],"version-history":[{"count":12,"href":"https:\/\/www.rauhalahtiroadrunners.com\/index.php?rest_route=\/wp\/v2\/pages\/4664\/revisions"}],"predecessor-version":[{"id":7340,"href":"https:\/\/www.rauhalahtiroadrunners.com\/index.php?rest_route=\/wp\/v2\/pages\/4664\/revisions\/7340"}],"wp:attachment":[{"href":"https:\/\/www.rauhalahtiroadrunners.com\/index.php?rest_route=%2Fwp%2Fv2%2Fmedia&parent=4664"}],"curies":[{"name":"wp","href":"https:\/\/api.w.org\/{rel}","templated":true}]}}