{"id":3380,"date":"2017-11-26T22:49:27","date_gmt":"2017-11-26T19:49:27","guid":{"rendered":"http:\/\/www.rauhalahtiroadrunners.com\/?page_id=3380"},"modified":"2018-02-17T15:30:14","modified_gmt":"2018-02-17T12:30:14","slug":"hiihtokalenteri-2018","status":"publish","type":"page","link":"https:\/\/www.rauhalahtiroadrunners.com\/?page_id=3380","title":{"rendered":"Hiihtokalenteri 2018"},"content":{"rendered":"<h6 align=\"left\"><span style=\"font-size: 16pt;\"><strong>Hiihto- ja luistelutapahtumia talvella 2018<\/strong><\/span><\/h6>\n<p align=\"left\">P\u00e4ivitetty 17.2.2018<\/p>\n<p align=\"left\"><a title=\"Kuopion latutilanne\" href=\"https:\/\/kunto.softroi.fi\/LATUKUOPIO\/latu_01.html\" target=\"_blank\" rel=\"noopener noreferrer\">Kuopion latujen kunnostustilanne<\/a><\/p>\n<p><strong>Helmikuu<\/strong><strong><br \/>\n<\/strong>10.-11.2.2018\u00a0<a href=\"http:\/\/mikkelinhiihtajat.sporttisaitti.com\/savonia\/\" target=\"_blank\" rel=\"noopener noreferrer\">Savonia-hiihto\u00a0<\/a>Mikkeliss\u00e4<strong><br \/>\n<\/strong>21.-24.2.2018\u00a0<a href=\"http:\/\/www.finlandicemarathon.com\/\" target=\"_blank\" rel=\"noopener noreferrer\">Finland Ice Marathon<\/a>, Kuopion matkustajasatama<br \/>\n24.-25.2.2018\u00a0<a title=\"Finlandia Hiihto\" href=\"http:\/\/www.finlandiahiihto.fi\/\" target=\"_blank\" rel=\"noopener noreferrer\">Finlandia Hiihto<\/a><br \/>\nti 27.2.2018 klo 18-21\u00a0<a href=\"http:\/\/puijonhiihtoseura.fi\/kuutamohiihto2018.html\">Puijon Laturetki (kuutamohiihto)<\/a>, Puijon hiihtostadion<\/p>\n<p><strong>Maaliskuu<br \/>\n<\/strong>la 3.3.2018 <a href=\"https:\/\/leppavirranviri.sporttisaitti.com\/riikinvoimahiihto\/\">RiikinVoimaHiihto<\/a> (laturetki Varkaus-Sorsakoski-Lepp\u00e4virta)<strong><br \/>\n<\/strong>la\u00a03.3.2018\u00a0<a href=\"http:\/\/www.tervahiihto.fi\/\" target=\"_blank\" rel=\"noopener noreferrer\">Terwahiihto<\/a>\u00a0Utaj\u00e4rvelt\u00e4 Ouluun<strong><br \/>\n<\/strong>la-su 3.-4.3.2018\u00a0<a href=\"http:\/\/www.siilinjarvi.fi\/kunta\/fi\/kuntainfo\/ajankohtaista\/tapahtumat.php?we_objectID=15772\" target=\"_blank\" rel=\"noopener noreferrer\">R\u00e4s\u00e4-Ukon laturetki<\/a>, Siilinj\u00e4rvi Patakukkula,\u00a0<a href=\"..\/..\/rasa_ukko_kartta.pdf\" target=\"_blank\" rel=\"noopener noreferrer\">latukartta<\/a>,\u00a0<a title=\"lis\u00e4tietoa\" href=\"http:\/\/www.rauhalahtiroadrunners.com\/?page_id=1018\" target=\"_blank\" rel=\"noopener noreferrer\">lis\u00e4tiedot<\/a>\u00a0(juttu vuodelta 2013),\u00a0Siilin Latu \/ Olavi Oinonen, puh. 044 210 3316<br \/>\nla-su 3.-4.3.2018\u00a0<a href=\"https:\/\/www.iisalmenlatu.fi\/tulevia-tapahtumia\/lasten-lajes\/\">Lasten Lajes<\/a> (la)\u00a0ja\u00a0<a href=\"https:\/\/www.iisalmenlatu.fi\/tulevia-tapahtumia\/lajes\/\" target=\"_blank\" rel=\"noopener noreferrer\">Lajes (su)<\/a>\u00a0Iisalmessa<br \/>\nla-su 3.-4.3.2018\u00a0<a title=\"Kolin Maisemahiihto\" href=\"http:\/\/www.maisemahiihto.fi\" target=\"_blank\" rel=\"noopener noreferrer\">Kolin Maisemahiihto<\/a><strong><br \/>\n<\/strong>su 4.3.2018\u00a0<a title=\"Pirkan Hiihto\" href=\"http:\/\/www.pirkankierros.fi\/pages\/index.php\/hiihto\" target=\"_blank\" rel=\"noopener noreferrer\">Pirkan Hiihto\u00a0<\/a>(Kankaanp\u00e4\u00e4st\u00e4 Tampereelle 90 km)<br \/>\npe-la 9.-10.3.2018\u00a0<a title=\"Ahmanhiihto\" href=\"http:\/\/www.ahmanhiihto.fi\" target=\"_blank\" rel=\"noopener noreferrer\">Ahmanhiihto\u00a0<\/a>Kolilla<br \/>\nsu 11.3.2018\u00a0<a title=\"Paulintaival\" href=\"http:\/\/www.paulintaival.fi\" target=\"_blank\" rel=\"noopener noreferrer\">Paulintaival<\/a><br \/>\nla-su 17.-18.3.2018\u00a0<a title=\"Pogostan Hiihto\" href=\"http:\/\/www.pogostanhiihto.fi\/\" target=\"_blank\" rel=\"noopener noreferrer\">Pogostan Hiihto Ilomantsissa<\/a><br \/>\nla 17.3.2018\u00a0<a href=\"http:\/\/vuokattihiihto.endurancekainuu.fi\/fi\/\" target=\"_blank\" rel=\"noopener noreferrer\">Vuokatti Hiihto<\/a><\/p>\n<p>Lis\u00e4tietoa:<br \/>\n<a href=\"http:\/\/www.suomenlatu.fi\" target=\"_blank\" rel=\"noopener noreferrer\">Suomen Latu<\/a><\/p>\n","protected":false},"excerpt":{"rendered":"<p>Hiihto- ja luistelutapahtumia talvella 2018 P\u00e4ivitetty 17.2.2018 Kuopion latujen kunnostustilanne Helmikuu 10.-11.2.2018\u00a0Savonia-hiihto\u00a0Mikkeliss\u00e4 21.-24.2.2018\u00a0Finland Ice Marathon, Kuopion matkustajasatama 24.-25.2.2018\u00a0Finlandia Hiihto ti 27.2.2018 klo 18-21\u00a0Puijon Laturetki (kuutamohiihto), Puijon hiihtostadion Maaliskuu la 3.3.2018 RiikinVoimaHiihto (laturetki Varkaus-Sorsakoski-Lepp\u00e4virta) la\u00a03.3.2018\u00a0Terwahiihto\u00a0Utaj\u00e4rvelt\u00e4 Ouluun la-su 3.-4.3.2018\u00a0R\u00e4s\u00e4-Ukon laturetki, Siilinj\u00e4rvi Patakukkula,\u00a0latukartta,\u00a0lis\u00e4tiedot\u00a0(juttu vuodelta 2013),\u00a0Siilin Latu \/ Olavi Oinonen, puh. 044 210 3316 la-su 3.-4.3.2018\u00a0Lasten Lajes (la)\u00a0ja\u00a0Lajes (su)\u00a0Iisalmessa &#8230; <a title=\"Hiihtokalenteri 2018\" class=\"read-more\" href=\"https:\/\/www.rauhalahtiroadrunners.com\/?page_id=3380\" aria-label=\"Lue lis\u00e4\u00e4 aiheesta Hiihtokalenteri 2018\">Lue lis\u00e4\u00e4<\/a><\/p>\n","protected":false},"author":3,"featured_media":0,"parent":0,"menu_order":0,"comment_status":"closed","ping_status":"closed","template":"","meta":{"footnotes":""},"class_list":["post-3380","page","type-page","status-publish"],"_links":{"self":[{"href":"https:\/\/www.rauhalahtiroadrunners.com\/index.php?rest_route=\/wp\/v2\/pages\/3380","targetHints":{"allow":["GET"]}}],"collection":[{"href":"https:\/\/www.rauhalahtiroadrunners.com\/index.php?rest_route=\/wp\/v2\/pages"}],"about":[{"href":"https:\/\/www.rauhalahtiroadrunners.com\/index.php?rest_route=\/wp\/v2\/types\/page"}],"author":[{"embeddable":true,"href":"https:\/\/www.rauhalahtiroadrunners.com\/index.php?rest_route=\/wp\/v2\/users\/3"}],"replies":[{"embeddable":true,"href":"https:\/\/www.rauhalahtiroadrunners.com\/index.php?rest_route=%2Fwp%2Fv2%2Fcomments&post=3380"}],"version-history":[{"count":20,"href":"https:\/\/www.rauhalahtiroadrunners.com\/index.php?rest_route=\/wp\/v2\/pages\/3380\/revisions"}],"predecessor-version":[{"id":3476,"href":"https:\/\/www.rauhalahtiroadrunners.com\/index.php?rest_route=\/wp\/v2\/pages\/3380\/revisions\/3476"}],"wp:attachment":[{"href":"https:\/\/www.rauhalahtiroadrunners.com\/index.php?rest_route=%2Fwp%2Fv2%2Fmedia&parent=3380"}],"curies":[{"name":"wp","href":"https:\/\/api.w.org\/{rel}","templated":true}]}}