{"id":2669,"date":"2016-06-09T14:36:15","date_gmt":"2016-06-09T11:36:15","guid":{"rendered":"http:\/\/www.rauhalahtiroadrunners.com\/?page_id=2669"},"modified":"2017-01-02T12:17:23","modified_gmt":"2017-01-02T10:17:23","slug":"valokuvat-2016","status":"publish","type":"page","link":"https:\/\/www.rauhalahtiroadrunners.com\/?page_id=2669","title":{"rendered":"Valokuvat 2016"},"content":{"rendered":"<p>24.1.2016 <a href=\"http:\/\/www.rauhalahtiroadrunners.com\/?p=2489\" target=\"_blank\">Gran Canaria maraton<\/a><\/p>\n<p>2.4.2016 <a href=\"http:\/\/www.rauhalahtiroadrunners.com\/?p=2580\" target=\"_blank\">Kolmen Kylpyl\u00e4n Kirmaisu<\/a><\/p>\n<p>5.5.2016 <a href=\"http:\/\/www.rauhalahtiroadrunners.com\/?p=2625\" target=\"_blank\">Kallavesj-Kymppi<\/a><\/p>\n<p>4.6.2016 <a href=\"http:\/\/www.rauhalahtiroadrunners.com\/?p=2660\" target=\"_blank\">Tukholman maraton<br \/>\n<\/a><\/p>\n<p>11.6.2016 <a href=\"http:\/\/www.rauhalahtiroadrunners.com\/?p=2676\" target=\"_blank\">Pullukka Run<\/a><\/p>\n<p>8.7.2016 <a href=\"https:\/\/picasaweb.google.com\/110862520886183653495\/6305250572536412625?authuser=0&amp;authkey=Gv1sRgCJzv3Zni7feRSg&amp;feat=embedwebsite\" target=\"_blank\">Varpaisj\u00e4rven y\u00f6maraton<\/a><\/p>\n<p>6.8.2016 <a href=\"https:\/\/goo.gl\/photos\/omHkCXSumaZsma16A\" target=\"_blank\">L\u00e4nsiranta-H\u00f6l\u00f6kk\u00e4<\/a><\/p>\n<p>3.9.2016 <a href=\"https:\/\/goo.gl\/photos\/8TNa4ikB1VixeznEA\" target=\"_blank\">Kuopio Maraton<\/a><\/p>\n<p>11.9.2016 <a href=\"https:\/\/goo.gl\/photos\/C1vgyTMJhjV81zKR9\" target=\"_blank\">Tallinnan maraton<\/a><\/p>\n<p>18.9.2016 <a href=\"https:\/\/photos.google.com\/share\/AF1QipOmZ0wF3-PaJbxRJj3JPVhAj6kNSJ9Q7yFTJt9VldyqBYyYQ3bOPof1MBaU_9PSLQ?key=cDdwODZzeUJ3UmFmcWNNNkpkei01RkxaVnAyNHZn\" target=\"_blank\">Petosen h\u00f6lkk\u00e4<\/a><\/p>\n<p>24.9.2016 <a href=\"https:\/\/photos.google.com\/share\/AF1QipN5QC17KFu1Qj97j5flvnAmGW7Q6NlZ0IgOT3AUtYi_5aaDPytXdiSI1H-H2Hmplg?key=S001bXZlX1pjVlBZczU2ZUNqaldxQkVBbWU4NENn\" target=\"_blank\">Maastojuoksukisa<\/a> Rauhalahdessa<\/p>\n<p>6.12.2016<a href=\"http:\/\/www.rauhalahtiroadrunners.com\/?p=2942\" target=\"_blank\"> Itsen\u00e4isyysmaraton<\/a><\/p>\n<p>10.12.2016 <a href=\"http:\/\/www.rauhalahtiroadrunners.com\/?p=2947\" target=\"_blank\">Pikkujoulujuhla J\u00e4tk\u00e4nk\u00e4mp\u00e4ll\u00e4<\/a><\/p>\n<p>31.12.2016 <a href=\"http:\/\/www.rauhalahtiroadrunners.com\/?p=2958\">Maaningan Uuden Vuoden juoksu<\/a><\/p>\n","protected":false},"excerpt":{"rendered":"<p>24.1.2016 Gran Canaria maraton 2.4.2016 Kolmen Kylpyl\u00e4n Kirmaisu 5.5.2016 Kallavesj-Kymppi 4.6.2016 Tukholman maraton 11.6.2016 Pullukka Run 8.7.2016 Varpaisj\u00e4rven y\u00f6maraton 6.8.2016 L\u00e4nsiranta-H\u00f6l\u00f6kk\u00e4 3.9.2016 Kuopio Maraton 11.9.2016 Tallinnan maraton 18.9.2016 Petosen h\u00f6lkk\u00e4 24.9.2016 Maastojuoksukisa Rauhalahdessa 6.12.2016 Itsen\u00e4isyysmaraton 10.12.2016 Pikkujoulujuhla J\u00e4tk\u00e4nk\u00e4mp\u00e4ll\u00e4 31.12.2016 Maaningan Uuden Vuoden juoksu<\/p>\n","protected":false},"author":3,"featured_media":0,"parent":0,"menu_order":0,"comment_status":"closed","ping_status":"closed","template":"","meta":{"footnotes":""},"class_list":["post-2669","page","type-page","status-publish"],"_links":{"self":[{"href":"https:\/\/www.rauhalahtiroadrunners.com\/index.php?rest_route=\/wp\/v2\/pages\/2669","targetHints":{"allow":["GET"]}}],"collection":[{"href":"https:\/\/www.rauhalahtiroadrunners.com\/index.php?rest_route=\/wp\/v2\/pages"}],"about":[{"href":"https:\/\/www.rauhalahtiroadrunners.com\/index.php?rest_route=\/wp\/v2\/types\/page"}],"author":[{"embeddable":true,"href":"https:\/\/www.rauhalahtiroadrunners.com\/index.php?rest_route=\/wp\/v2\/users\/3"}],"replies":[{"embeddable":true,"href":"https:\/\/www.rauhalahtiroadrunners.com\/index.php?rest_route=%2Fwp%2Fv2%2Fcomments&post=2669"}],"version-history":[{"count":9,"href":"https:\/\/www.rauhalahtiroadrunners.com\/index.php?rest_route=\/wp\/v2\/pages\/2669\/revisions"}],"predecessor-version":[{"id":2969,"href":"https:\/\/www.rauhalahtiroadrunners.com\/index.php?rest_route=\/wp\/v2\/pages\/2669\/revisions\/2969"}],"wp:attachment":[{"href":"https:\/\/www.rauhalahtiroadrunners.com\/index.php?rest_route=%2Fwp%2Fv2%2Fmedia&parent=2669"}],"curies":[{"name":"wp","href":"https:\/\/api.w.org\/{rel}","templated":true}]}}