{"id":2442,"date":"2015-12-28T21:20:50","date_gmt":"2015-12-28T18:20:50","guid":{"rendered":"http:\/\/www.rauhalahtiroadrunners.com\/?page_id=2442"},"modified":"2016-02-28T12:44:30","modified_gmt":"2016-02-28T09:44:30","slug":"hiihtokalenteri-2016","status":"publish","type":"page","link":"https:\/\/www.rauhalahtiroadrunners.com\/?page_id=2442","title":{"rendered":"Hiihtokalenteri 2016"},"content":{"rendered":"<h6 align=\"left\"><span style=\"font-size: 16pt;\"><strong>Hiihto- ja luistelutapahtumia talvella 2016<\/strong><\/span><\/h6>\n<p align=\"left\">P\u00e4ivitetty 28.2.2016<\/p>\n<p align=\"left\"><a title=\"Kuopion latutilanne\" href=\"https:\/\/kunto.softroi.fi\/LATUKUOPIO\/latu_01.html\" target=\"_blank\">Kuopion latujen kunnostustilanne<\/a><\/p>\n<p><strong>Helmikuu<br \/>\n<\/strong>13.-14.2.2016 <a href=\"http:\/\/mikkelinhiihtajat.sporttisaitti.com\/savonia\/\" target=\"_blank\">Savonia-hiihto <\/a>Mikkeliss\u00e4<strong><br \/>\n<\/strong>24.-27.2.2016 <a href=\"http:\/\/www.finlandicemarathon.com\/\" target=\"_blank\">Finland Ice Marathon<\/a>, Kuopion matkustajasatama<br \/>\nla-su 27.-28.2.2016 <a title=\"Finlandia Hiihto\" href=\"http:\/\/www.finlandiahiihto.fi\/\" target=\"_blank\">Finlandia Hiihto<\/a><br \/>\nla 20.2.2016 <a href=\"http:\/\/www.vesileppis.fi\/aktiviteetit\/vesileppis-hiihto\/\" target=\"_blank\">Vesileppishiihto<\/a> Lepp\u00e4virralla <span style=\"color: #ff0000;\"><strong>PERUTTU!<\/strong><\/span><\/p>\n<p><strong>Maaliskuu<br \/>\n<\/strong>la-su 5.-6.3.2016 <a href=\"http:\/\/www.siilinjarvi.fi\/?we_objectID=14799\" target=\"_blank\">R\u00e4s\u00e4-Ukon laturetki<\/a>, Siilinj\u00e4rvi Patakukkula, <a href=\"..\/..\/rasa_ukko_kartta.pdf\" target=\"_blank\">latukartta<\/a>, <a title=\"lis\u00e4tietoa\" href=\"http:\/\/www.rauhalahtiroadrunners.com\/?page_id=1018\" target=\"_blank\">lis\u00e4tiedot<\/a>\u00a0(juttu vuodelta 2013),\u00a0Siilin Latu \/ Olavi Oinonen, puh. 044 210 3316<br \/>\nla-su 5.-6.3.2016 <a href=\"http:\/\/www.iisalmenlatu.fi\/tulevia-tapahtumia\/lasten-lajes-lauantaina-5-32\/\" target=\"_blank\">Lasten Lajes (la)<\/a> ja <a href=\"http:\/\/www.iisalmenlatu.fi\/tulevia-tapahtumia\/lajes-sunnuntaina-6-32\/\" target=\"_blank\">Lajeksen Latu (su)<\/a>\u00a0Iisalmessa<br \/>\nla-su 5.-6.3.2016 <a title=\"Kolin Maisemahiihto\" href=\"http:\/\/www.maisemahiihto.fi\" target=\"_blank\">Kolin Maisemahiihto<\/a><strong><br \/>\n<\/strong>su 6.3.2016 <a title=\"Pirkan Hiihto\" href=\"http:\/\/www.pirkankierros.fi\/pages\/index.php\/hiihto\" target=\"_blank\">Pirkan Hiihto <\/a>(Kankaanp\u00e4\u00e4st\u00e4 Tampereelle 90 km)<br \/>\npe-la 11.-12.3.2016 <a title=\"Ahmanhiihto\" href=\"http:\/\/www.ahmanhiihto.fi\" target=\"_blank\">Ahmanhiihto <\/a>Kolilla<br \/>\n<a title=\"Puijon Laturetki\" href=\"http:\/\/www.puijonlaturetki.com\/\" target=\"_blank\">Puijon laturetki<\/a>\u00a0(PHS) <strong><span style=\"color: #ff0000;\">PERUTTU!<\/span><\/strong><br \/>\nla 12.3.2016 <a href=\"http:\/\/www.tervahiihto.fi\/index.php?p=thetusivu\" target=\"_blank\">Terwahiihto<\/a> Utaj\u00e4rvelt\u00e4 Ouluun<br \/>\nsu 13.3.2016 <a title=\"Paulintaival\" href=\"http:\/\/www.paulintaival.fi\" target=\"_blank\">Paulintaival<\/a>\u00a0<span style=\"color: #ff0000;\"><strong>PERUTTU!<\/strong><\/span><br \/>\nla-su 12.-13.3.2016 <a title=\"Pogostan Hiihto\" href=\"http:\/\/www.pogostanhiihto.fi\/\" target=\"_blank\">Pogostan Hiihto Ilomantsissa<\/a><br \/>\nla 19.3.2016 <a href=\"http:\/\/www.haastaitsesikunnolla.fi\/vuokatti+hiihto\/\" target=\"_blank\">Vuokatti Hiihto<\/a><\/p>\n<p>Lis\u00e4tietoa:<br \/>\n<a href=\"http:\/\/www.suomenlatu.fi\/uutiset\/ulkoile\/2016\/lataa-laturetkikalenteri-2016.html\" target=\"_blank\">Suomen Ladun laturetkikalenteri 2016<\/a><\/p>\n","protected":false},"excerpt":{"rendered":"<p>Hiihto- ja luistelutapahtumia talvella 2016 P\u00e4ivitetty 28.2.2016 Kuopion latujen kunnostustilanne Helmikuu 13.-14.2.2016 Savonia-hiihto Mikkeliss\u00e4 24.-27.2.2016 Finland Ice Marathon, Kuopion matkustajasatama la-su 27.-28.2.2016 Finlandia Hiihto la 20.2.2016 Vesileppishiihto Lepp\u00e4virralla PERUTTU! Maaliskuu la-su 5.-6.3.2016 R\u00e4s\u00e4-Ukon laturetki, Siilinj\u00e4rvi Patakukkula, latukartta, lis\u00e4tiedot\u00a0(juttu vuodelta 2013),\u00a0Siilin Latu \/ Olavi Oinonen, puh. 044 210 3316 la-su 5.-6.3.2016 Lasten Lajes (la) ja Lajeksen &#8230; <a title=\"Hiihtokalenteri 2016\" class=\"read-more\" href=\"https:\/\/www.rauhalahtiroadrunners.com\/?page_id=2442\" aria-label=\"Lue lis\u00e4\u00e4 aiheesta Hiihtokalenteri 2016\">Lue lis\u00e4\u00e4<\/a><\/p>\n","protected":false},"author":3,"featured_media":0,"parent":0,"menu_order":0,"comment_status":"closed","ping_status":"closed","template":"","meta":{"footnotes":""},"class_list":["post-2442","page","type-page","status-publish"],"_links":{"self":[{"href":"https:\/\/www.rauhalahtiroadrunners.com\/index.php?rest_route=\/wp\/v2\/pages\/2442","targetHints":{"allow":["GET"]}}],"collection":[{"href":"https:\/\/www.rauhalahtiroadrunners.com\/index.php?rest_route=\/wp\/v2\/pages"}],"about":[{"href":"https:\/\/www.rauhalahtiroadrunners.com\/index.php?rest_route=\/wp\/v2\/types\/page"}],"author":[{"embeddable":true,"href":"https:\/\/www.rauhalahtiroadrunners.com\/index.php?rest_route=\/wp\/v2\/users\/3"}],"replies":[{"embeddable":true,"href":"https:\/\/www.rauhalahtiroadrunners.com\/index.php?rest_route=%2Fwp%2Fv2%2Fcomments&post=2442"}],"version-history":[{"count":11,"href":"https:\/\/www.rauhalahtiroadrunners.com\/index.php?rest_route=\/wp\/v2\/pages\/2442\/revisions"}],"predecessor-version":[{"id":2536,"href":"https:\/\/www.rauhalahtiroadrunners.com\/index.php?rest_route=\/wp\/v2\/pages\/2442\/revisions\/2536"}],"wp:attachment":[{"href":"https:\/\/www.rauhalahtiroadrunners.com\/index.php?rest_route=%2Fwp%2Fv2%2Fmedia&parent=2442"}],"curies":[{"name":"wp","href":"https:\/\/api.w.org\/{rel}","templated":true}]}}